{"id":2214,"date":"2018-07-29T01:37:57","date_gmt":"2018-07-29T01:37:57","guid":{"rendered":"http:\/\/liesv.com.br\/site\/?page_id=2214"},"modified":"2018-11-14T20:34:34","modified_gmt":"2018-11-14T23:34:34","slug":"cd-grupo-de-acesso-a-2018","status":"publish","type":"page","link":"https:\/\/www.liesv.com.br\/site\/discografia\/cd-grupo-de-acesso-a-2018\/","title":{"rendered":"CD Grupo de Acesso A 2018"},"content":{"rendered":"<p>[et_pb_section][et_pb_row][et_pb_column type=&#8221;4_4&#8243;][et_pb_text admin_label=&#8221;Text&#8221; background_layout=&#8221;light&#8221; text_orientation=&#8221;center&#8221;]<\/p>\n<h1 style=\"text-align: center;\">CD Grupo de Acesso A 2018<\/h1>\n<p>[\/et_pb_text][\/et_pb_column][\/et_pb_row][et_pb_row][et_pb_column type=&#8221;1_2&#8243;][et_pb_image admin_label=&#8221;Capa&#8221; src=&#8221;http:\/\/liesv.com.br\/site\/wp-content\/uploads\/2018\/07\/capa-acesso-a.png&#8221; show_in_lightbox=&#8221;off&#8221; url_new_window=&#8221;off&#8221; animation=&#8221;off&#8221; sticky=&#8221;off&#8221; \/][et_pb_image admin_label=&#8221;Contra-Capa&#8221; src=&#8221;http:\/\/liesv.com.br\/site\/wp-content\/uploads\/2018\/07\/contracapa-acesso-a.png&#8221; show_in_lightbox=&#8221;off&#8221; url_new_window=&#8221;off&#8221; animation=&#8221;off&#8221; sticky=&#8221;off&#8221; \/][et_pb_cta admin_label=&#8221;Call To Action&#8221; button_url=&#8221;http:\/\/liesv.com.br\/dowloads\/cdliesvacessoa2018.rar&#8221; button_text=&#8221;Baixe Aqui&#8221; use_background_color=&#8221;off&#8221; background_color=&#8221;#1e73be&#8221; background_layout=&#8221;light&#8221; text_orientation=&#8221;center&#8221; \/][\/et_pb_column][et_pb_column type=&#8221;1_2&#8243;][et_pb_text admin_label=&#8221;Text&#8221; background_layout=&#8221;light&#8221; text_orientation=&#8221;left&#8221;]<\/p>\n<p>01- Amigos do Samba<br \/>\n\u201cRef\u00e9ns da Liberdade \u2013 Em busca do romantismo de viver!\u201d<br \/>\nInt\u00e9rprete: Pingo<br \/>\nCompositores: Marco Maciel<\/p>\n<p>02- X-9 Carioca<br \/>\n\u201cMuito Antes de N\u00f3s, Foli\u00f5es\u201d<br \/>\nInt\u00e9rprete: Leozinho Nunes<br \/>\nCompositores: Marco Maciel<\/p>\n<p>03- Imperatriz Nordestina<br \/>\n\u201cHoje \u00e9 dia de Samba. Hoje \u00e9 dia de Maria \u2013 A Saga da Imperatriz Nordestina\u201d<br \/>\nInt\u00e9rprete: Murilo Sousa<br \/>\nCompositores: Igor Ant\u00f4nio<\/p>\n<p>04- Embaixadores do Samba<br \/>\n\u201c\u00c9 Raiz, \u00c9 Heran\u00e7a \u2013 130 Anos do fim da escravid\u00e3o sob a luz dos Orix\u00e1s\u201d<br \/>\nInt\u00e9rprete: Ewerton Fintelman<br \/>\nCompositores: Tatu Moribundo<\/p>\n<p>05- Imp\u00e9rio de \u00d3rion<br \/>\n\u201cMojub\u00e1 Oris\u00e1 \u2013 Ib\u00e1 Oris\u00e1\u2026 Ib\u00e1 Onil\u00e9\u201d (Eu Sa\u00fado o Orix\u00e1, Sa\u00fado Onil\u00e9; Salve a Senhora da Terra)<br \/>\nInt\u00e9rprete: Cl\u00e1udio Bardelli Jr.<br \/>\nCompositores: Heitor Conrado e Cl\u00e1udio Bardelli<\/p>\n<p>06- Mocidade Paulista<br \/>\n\u201cA Mocidade Pintando Sete\u201d<br \/>\nInt\u00e9rprete: Gustavo Rodrigues<br \/>\nCompositores: Lukas Schulthais<\/p>\n<p>07- Ess\u00eancia do Samba<br \/>\n\u201cOnde houver disc\u00f3rdia, que eu leve a uni\u00e3o\u201d<br \/>\nInt\u00e9rprete: Igor Viana<br \/>\nCompositores: Andr\u00e9 Cardoso, Pedro Carmo, Anderson Monks, Hugo Rodrigues, Alex Jos\u00e9 e Luiz Jacar\u00e9<\/p>\n<p>[\/et_pb_text][\/et_pb_column][\/et_pb_row][et_pb_row][et_pb_column type=&#8221;4_4&#8243;][et_pb_text admin_label=&#8221;Text&#8221; background_layout=&#8221;light&#8221; text_orientation=&#8221;center&#8221;]<script async src=\"\/\/pagead2.googlesyndication.com\/pagead\/js\/adsbygoogle.js\"><\/script><\/p>\n<p><!-- P\u00e1gina frontal - 1 (liesv.com.br) --><br \/>\n<ins class=\"adsbygoogle\" style=\"display: block;\" data-ad-client=\"ca-pub-5373792418344040\" data-ad-slot=\"8160947015\" data-ad-format=\"auto\"><\/ins><br \/>\n<script>\n(adsbygoogle = window.adsbygoogle || []).push({});\n<\/script>[\/et_pb_text][\/et_pb_column][\/et_pb_row][\/et_pb_section]<\/p>\n","protected":false},"excerpt":{"rendered":"<p>[et_pb_section][et_pb_row][et_pb_column type=&#8221;4_4&#8243;][et_pb_text admin_label=&#8221;Text&#8221; background_layout=&#8221;light&#8221; text_orientation=&#8221;center&#8221;] CD Grupo de Acesso A 2018 [\/et_pb_text][\/et_pb_column][\/et_pb_row][et_pb_row][et_pb_column type=&#8221;1_2&#8243;][et_pb_image admin_label=&#8221;Capa&#8221; src=&#8221;http:\/\/liesv.com.br\/site\/wp-content\/uploads\/2018\/07\/capa-acesso-a.png&#8221; show_in_lightbox=&#8221;off&#8221; url_new_window=&#8221;off&#8221; animation=&#8221;off&#8221; sticky=&#8221;off&#8221; \/][et_pb_image admin_label=&#8221;Contra-Capa&#8221; src=&#8221;http:\/\/liesv.com.br\/site\/wp-content\/uploads\/2018\/07\/contracapa-acesso-a.png&#8221; show_in_lightbox=&#8221;off&#8221; url_new_window=&#8221;off&#8221; animation=&#8221;off&#8221;&hellip;<\/p>\n","protected":false},"author":1,"featured_media":2215,"parent":1049,"menu_order":2,"comment_status":"closed","ping_status":"closed","template":"","meta":{"footnotes":""},"_links":{"self":[{"href":"https:\/\/www.liesv.com.br\/site\/wp-json\/wp\/v2\/pages\/2214"}],"collection":[{"href":"https:\/\/www.liesv.com.br\/site\/wp-json\/wp\/v2\/pages"}],"about":[{"href":"https:\/\/www.liesv.com.br\/site\/wp-json\/wp\/v2\/types\/page"}],"author":[{"embeddable":true,"href":"https:\/\/www.liesv.com.br\/site\/wp-json\/wp\/v2\/users\/1"}],"replies":[{"embeddable":true,"href":"https:\/\/www.liesv.com.br\/site\/wp-json\/wp\/v2\/comments?post=2214"}],"version-history":[{"count":2,"href":"https:\/\/www.liesv.com.br\/site\/wp-json\/wp\/v2\/pages\/2214\/revisions"}],"predecessor-version":[{"id":3365,"href":"https:\/\/www.liesv.com.br\/site\/wp-json\/wp\/v2\/pages\/2214\/revisions\/3365"}],"up":[{"embeddable":true,"href":"https:\/\/www.liesv.com.br\/site\/wp-json\/wp\/v2\/pages\/1049"}],"wp:featuredmedia":[{"embeddable":true,"href":"https:\/\/www.liesv.com.br\/site\/wp-json\/wp\/v2\/media\/2215"}],"wp:attachment":[{"href":"https:\/\/www.liesv.com.br\/site\/wp-json\/wp\/v2\/media?parent=2214"}],"curies":[{"name":"wp","href":"https:\/\/api.w.org\/{rel}","templated":true}]}}

<p>[et_pb_section][et_pb_row][et_pb_column type=&#8221;4_4&#8243;][et_pb_text admin_label=&#8221;Text&#8221; background_layout=&#8221;light&#8221; text_orientation=&#8221;center&#8221;]</p>
<h1 style="text-align: center;">CD Grupo de Acesso A 2018</h1>
<p>[/et_pb_text][/et_pb_column][/et_pb_row][et_pb_row][et_pb_column type=&#8221;1_2&#8243;][et_pb_image admin_label=&#8221;Capa&#8221; src=&#8221;http://liesv.com.br/site/wp-content/uploads/2018/07/capa-acesso-a.png&#8221; show_in_lightbox=&#8221;off&#8221; url_new_window=&#8221;off&#8221; animation=&#8221;off&#8221; sticky=&#8221;off&#8221; /][et_pb_image admin_label=&#8221;Contra-Capa&#8221; src=&#8221;http://liesv.com.br/site/wp-content/uploads/2018/07/contracapa-acesso-a.png&#8221; show_in_lightbox=&#8221;off&#8221; url_new_window=&#8221;off&#8221; animation=&#8221;off&#8221; sticky=&#8221;off&#8221; /][et_pb_cta admin_label=&#8221;Call To Action&#8221; button_url=&#8221;http://liesv.com.br/dowloads/cdliesvacessoa2018.rar&#8221; button_text=&#8221;Baixe Aqui&#8221; use_background_color=&#8221;off&#8221; background_color=&#8221;#1e73be&#8221; background_layout=&#8221;light&#8221; text_orientation=&#8221;center&#8221; /][/et_pb_column][et_pb_column type=&#8221;1_2&#8243;][et_pb_text admin_label=&#8221;Text&#8221; background_layout=&#8221;light&#8221; text_orientation=&#8221;left&#8221;]</p>
<p>01- Amigos do Samba<br />
“Reféns da Liberdade – Em busca do romantismo de viver!”<br />
Intérprete: Pingo<br />
Compositores: Marco Maciel</p>
<p>02- X-9 Carioca<br />
“Muito Antes de Nós, Foliões”<br />
Intérprete: Leozinho Nunes<br />
Compositores: Marco Maciel</p>
<p>03- Imperatriz Nordestina<br />
“Hoje é dia de Samba. Hoje é dia de Maria – A Saga da Imperatriz Nordestina”<br />
Intérprete: Murilo Sousa<br />
Compositores: Igor Antônio</p>
<p>04- Embaixadores do Samba<br />
“É Raiz, É Herança – 130 Anos do fim da escravidão sob a luz dos Orixás”<br />
Intérprete: Ewerton Fintelman<br />
Compositores: Tatu Moribundo</p>
<p>05- Império de Órion<br />
“Mojubá Orisá – Ibá Orisá… Ibá Onilé” (Eu Saúdo o Orixá, Saúdo Onilé; Salve a Senhora da Terra)<br />
Intérprete: Cláudio Bardelli Jr.<br />
Compositores: Heitor Conrado e Cláudio Bardelli</p>
<p>06- Mocidade Paulista<br />
“A Mocidade Pintando Sete”<br />
Intérprete: Gustavo Rodrigues<br />
Compositores: Lukas Schulthais</p>
<p>07- Essência do Samba<br />
“Onde houver discórdia, que eu leve a união”<br />
Intérprete: Igor Viana<br />
Compositores: André Cardoso, Pedro Carmo, Anderson Monks, Hugo Rodrigues, Alex José e Luiz Jacaré</p>
<p>[/et_pb_text][/et_pb_column][/et_pb_row][et_pb_row][et_pb_column type=&#8221;4_4&#8243;][et_pb_text admin_label=&#8221;Text&#8221; background_layout=&#8221;light&#8221; text_orientation=&#8221;center&#8221;]<script async src="//pagead2.googlesyndication.com/pagead/js/adsbygoogle.js"></script></p>
<p><!-- Página frontal - 1 (liesv.com.br) --><br />
<ins class="adsbygoogle" style="display: block;" data-ad-client="ca-pub-5373792418344040" data-ad-slot="8160947015" data-ad-format="auto"></ins><br />
<script>
(adsbygoogle = window.adsbygoogle || []).push({});
</script>[/et_pb_text][/et_pb_column][/et_pb_row][/et_pb_section]</p>
