{"id":2218,"date":"2018-07-29T01:41:55","date_gmt":"2018-07-29T01:41:55","guid":{"rendered":"http:\/\/liesv.com.br\/site\/?page_id=2218"},"modified":"2018-11-14T20:34:54","modified_gmt":"2018-11-14T23:34:54","slug":"cd-grupo-de-acesso-b-2018","status":"publish","type":"page","link":"https:\/\/www.liesv.com.br\/site\/discografia\/cd-grupo-de-acesso-b-2018\/","title":{"rendered":"CD Grupo de Acesso B 2018"},"content":{"rendered":"<p>[et_pb_section][et_pb_row][et_pb_column type=&#8221;4_4&#8243;][et_pb_text admin_label=&#8221;Text&#8221; background_layout=&#8221;light&#8221; text_orientation=&#8221;center&#8221;]<\/p>\n<h1 style=\"text-align: center;\">CD Grupo de Acesso B 2018<\/h1>\n<p>[\/et_pb_text][\/et_pb_column][\/et_pb_row][et_pb_row][et_pb_column type=&#8221;1_2&#8243;][et_pb_image admin_label=&#8221;Capa&#8221; src=&#8221;http:\/\/liesv.com.br\/site\/wp-content\/uploads\/2018\/07\/capa-acesso-b.png&#8221; show_in_lightbox=&#8221;off&#8221; url_new_window=&#8221;off&#8221; animation=&#8221;off&#8221; sticky=&#8221;off&#8221; \/][et_pb_image admin_label=&#8221;Contra-Capa&#8221; src=&#8221;http:\/\/liesv.com.br\/site\/wp-content\/uploads\/2018\/07\/contracapa-acesso-b.png&#8221; show_in_lightbox=&#8221;off&#8221; url_new_window=&#8221;off&#8221; animation=&#8221;off&#8221; sticky=&#8221;off&#8221; \/][et_pb_cta admin_label=&#8221;Call To Action&#8221; button_url=&#8221;http:\/\/liesv.com.br\/dowloads\/cdliesvacessob2018.rar&#8221; button_text=&#8221;Baixe Aqui&#8221; use_background_color=&#8221;off&#8221; background_color=&#8221;#1e73be&#8221; background_layout=&#8221;light&#8221; text_orientation=&#8221;center&#8221; \/][\/et_pb_column][et_pb_column type=&#8221;1_2&#8243;][et_pb_text admin_label=&#8221;Text&#8221; background_layout=&#8221;light&#8221; text_orientation=&#8221;left&#8221;]<\/p>\n<p>01- Unidos do Bitte<br \/>\n\u201cA epopeia de Severino de Maria, do finado Zacarias, l\u00e1 da Serra da Costela, nos limites de Para\u00edba.\u201d<br \/>\nInt\u00e9rprete: Lid<br \/>\nCompositores: Tatu Maluco<\/p>\n<p>02- Lagarto Feroz<br \/>\n\u201cQuando o Segundo Sol Chegar\u2026\u201d<br \/>\nInt\u00e9rprete: Thatiane Carvalho<br \/>\nCompositores: Bruno Ribeiro<\/p>\n<p>03- Unidos do Imperador Niter\u00f3i<br \/>\n\u201c\u00c9 S\u00e3o Jo\u00e3o!\u201d<br \/>\nInt\u00e9rprete: Thiago Ac\u00e1cio<br \/>\nCompositores: Thiago Meiners<\/p>\n<p>04- Favela<br \/>\n\u201cValeu Zumbi mais um filho seu n\u00e3o foge a luta!\u201d<br \/>\nInt\u00e9rprete: Claudio Bardelli Jr.<br \/>\nCompositores: Claudio Bardelli Jr e JMauro<\/p>\n<p>05- Unidos do Madruga<br \/>\n\u201cO casamento de F\u00e1bio J\u00fanior e Gretchen\u201d<br \/>\nInt\u00e9rprete: Ant\u00f4nio Carlos<br \/>\nCompositores: Jos\u00e9 Mauro, Cl\u00e1udio Bardelli Jr, Andr\u00e9 Cardoso, Hugo Rodrigues, Pedro Carmo, Alex Jos\u00e9, Anderson Monks, Luiz Jacar\u00e9, Tiago Vin\u00edcius, Bruno Malta, Felipe de Souza, Gabriel Curty, Guilherme Peixoto, Vitor Mello e Leandro Kf\u00e9<\/p>\n<p>06- Imp\u00e9rio Andreense<br \/>\n\u201cN\u00e3o chuta que \u00e9 macumba!\u201d<br \/>\nInt\u00e9rprete: Ewerton Fintelman<br \/>\nCompositores: Thiago Meiners<\/p>\n<p>07- Talvez Eu V\u00e1<br \/>\n\u201cA origem das esp\u00e9cies. Com certeza, \u201cTalvez eu v\u00e1\u201d nessa viagem encantada descobrir os segredos da vida.\u201d<br \/>\nInt\u00e9rprete: Murilo Sousa<br \/>\nCompositores: Igor Ant\u00f4nio<\/p>\n<p>08- Le\u00f5es da Casa Verde<br \/>\n\u201cMama \u00c1frica \u2013 O ventre do Mundo\u201d<br \/>\nInt\u00e9rprete:<br \/>\nCompositores: Renato Peres e J\u00falio Primavera<\/p>\n<p>09- Ases Imperial<br \/>\n\u201cCoacy Beija-Flor\u201d<br \/>\nInt\u00e9rprete: Nilson Valentim<br \/>\nCompositores: Marcus Lopes e F\u00e1bio Giampetro<\/p>\n<p>10- Castelo<br \/>\n\u201cSaudades temos\u2026 Mamonas Assassinas \u2013 Um Meteoro que alegrou a nossa vida!\u201d<br \/>\nInt\u00e9rprete: Gabriela Santos \u201cAnja\u201d<br \/>\nCompositores: Anderson Azarias<\/p>\n<p>11- Mocidade Imperial da Matinha<br \/>\n\u201cCenten\u00e1rio do Tuf\u00e3o. \u00c9 o S\u00e3o Raimundo nas asas do Gavi\u00e3o!\u201d<br \/>\nInt\u00e9rprete:<br \/>\nCompositores:<\/p>\n<p>12- Acad\u00eamicos do Marxismo<br \/>\n\u201cNos 200 anos de Marx, um espectro ronda o samba!\u201d<br \/>\nInt\u00e9rprete: Emanoel Candal<br \/>\nCompositores: Andr\u00e9 Cardoso, Pedro Carmo, Anderson Monks, Hugo Rodrigues, Alex Jos\u00e9 e Luiz Jacar\u00e9<\/p>\n<p>13- Mocidade Curitibana<br \/>\n\u201cDesperte a Crian\u00e7a que existe dentro de voc\u00ea\u201d<br \/>\nInt\u00e9rprete:<br \/>\nCompositores:<\/p>\n<p>14- Caprichosos da Harmonia<br \/>\n\u201cMuito prazer, sou Agenor de Miranda Ara\u00fajo Neto, mas caprichosamente me chamem de Cazuza, pois tempo\u2026 O tempo n\u00e3o para\u201d<br \/>\nInt\u00e9rprete:<br \/>\nCompositores: Luiz Poeta e Felipe Lima<\/p>\n<p>15- Patriarcas<br \/>\n\u201cA lua \u00e9 testemunha\u201d<br \/>\nInt\u00e9rprete: Bruno Painho<br \/>\nCompositores: Flavio Santos<\/p>\n<p>16- Remeiros<br \/>\n\u201cEst\u00f3rias Gerais do Sert\u00e3o Mineiro,as veredas de um povo sofrido\u201d<br \/>\nInt\u00e9rprete:<br \/>\nCompositores: Tatu Maluco<\/p>\n<p>17- Esta\u00e7\u00e3o do Imp\u00e9rio<br \/>\n\u201cO Livro de Nod\u201d<br \/>\nInt\u00e9rprete:<br \/>\nCompositores: Claudio Bardelli Jr<\/p>\n<p>18- Sociedade Unidos de Jacarepagu\u00e1<br \/>\n\u201cPaz na Terra \u00e0 Todos. Abram Suas Mentes, Soltem a Pessoa Que Existe Em Voc\u00ea\u201d<br \/>\nInt\u00e9rprete: Thiago Brito<br \/>\nCompositores:<\/p>\n<p>[\/et_pb_text][\/et_pb_column][\/et_pb_row][et_pb_row][et_pb_column type=&#8221;4_4&#8243;][et_pb_text admin_label=&#8221;Text&#8221; background_layout=&#8221;light&#8221; text_orientation=&#8221;center&#8221;]<script async src=\"\/\/pagead2.googlesyndication.com\/pagead\/js\/adsbygoogle.js\"><\/script><\/p>\n<p><!-- P\u00e1gina frontal - 1 (liesv.com.br) --><br \/>\n<ins class=\"adsbygoogle\" style=\"display: block;\" data-ad-client=\"ca-pub-5373792418344040\" data-ad-slot=\"8160947015\" data-ad-format=\"auto\"><\/ins><br \/>\n<script>\n(adsbygoogle = window.adsbygoogle || []).push({});\n<\/script>[\/et_pb_text][\/et_pb_column][\/et_pb_row][\/et_pb_section]<\/p>\n","protected":false},"excerpt":{"rendered":"<p>[et_pb_section][et_pb_row][et_pb_column type=&#8221;4_4&#8243;][et_pb_text admin_label=&#8221;Text&#8221; background_layout=&#8221;light&#8221; text_orientation=&#8221;center&#8221;] CD Grupo de Acesso B 2018 [\/et_pb_text][\/et_pb_column][\/et_pb_row][et_pb_row][et_pb_column type=&#8221;1_2&#8243;][et_pb_image admin_label=&#8221;Capa&#8221; src=&#8221;http:\/\/liesv.com.br\/site\/wp-content\/uploads\/2018\/07\/capa-acesso-b.png&#8221; show_in_lightbox=&#8221;off&#8221; url_new_window=&#8221;off&#8221; animation=&#8221;off&#8221; sticky=&#8221;off&#8221; \/][et_pb_image admin_label=&#8221;Contra-Capa&#8221; src=&#8221;http:\/\/liesv.com.br\/site\/wp-content\/uploads\/2018\/07\/contracapa-acesso-b.png&#8221; show_in_lightbox=&#8221;off&#8221; url_new_window=&#8221;off&#8221; animation=&#8221;off&#8221;&hellip;<\/p>\n","protected":false},"author":1,"featured_media":2219,"parent":1049,"menu_order":3,"comment_status":"closed","ping_status":"closed","template":"","meta":{"footnotes":""},"_links":{"self":[{"href":"https:\/\/www.liesv.com.br\/site\/wp-json\/wp\/v2\/pages\/2218"}],"collection":[{"href":"https:\/\/www.liesv.com.br\/site\/wp-json\/wp\/v2\/pages"}],"about":[{"href":"https:\/\/www.liesv.com.br\/site\/wp-json\/wp\/v2\/types\/page"}],"author":[{"embeddable":true,"href":"https:\/\/www.liesv.com.br\/site\/wp-json\/wp\/v2\/users\/1"}],"replies":[{"embeddable":true,"href":"https:\/\/www.liesv.com.br\/site\/wp-json\/wp\/v2\/comments?post=2218"}],"version-history":[{"count":1,"href":"https:\/\/www.liesv.com.br\/site\/wp-json\/wp\/v2\/pages\/2218\/revisions"}],"predecessor-version":[{"id":2221,"href":"https:\/\/www.liesv.com.br\/site\/wp-json\/wp\/v2\/pages\/2218\/revisions\/2221"}],"up":[{"embeddable":true,"href":"https:\/\/www.liesv.com.br\/site\/wp-json\/wp\/v2\/pages\/1049"}],"wp:featuredmedia":[{"embeddable":true,"href":"https:\/\/www.liesv.com.br\/site\/wp-json\/wp\/v2\/media\/2219"}],"wp:attachment":[{"href":"https:\/\/www.liesv.com.br\/site\/wp-json\/wp\/v2\/media?parent=2218"}],"curies":[{"name":"wp","href":"https:\/\/api.w.org\/{rel}","templated":true}]}}

<p>[et_pb_section][et_pb_row][et_pb_column type=&#8221;4_4&#8243;][et_pb_text admin_label=&#8221;Text&#8221; background_layout=&#8221;light&#8221; text_orientation=&#8221;center&#8221;]</p>
<h1 style="text-align: center;">CD Grupo de Acesso B 2018</h1>
<p>[/et_pb_text][/et_pb_column][/et_pb_row][et_pb_row][et_pb_column type=&#8221;1_2&#8243;][et_pb_image admin_label=&#8221;Capa&#8221; src=&#8221;http://liesv.com.br/site/wp-content/uploads/2018/07/capa-acesso-b.png&#8221; show_in_lightbox=&#8221;off&#8221; url_new_window=&#8221;off&#8221; animation=&#8221;off&#8221; sticky=&#8221;off&#8221; /][et_pb_image admin_label=&#8221;Contra-Capa&#8221; src=&#8221;http://liesv.com.br/site/wp-content/uploads/2018/07/contracapa-acesso-b.png&#8221; show_in_lightbox=&#8221;off&#8221; url_new_window=&#8221;off&#8221; animation=&#8221;off&#8221; sticky=&#8221;off&#8221; /][et_pb_cta admin_label=&#8221;Call To Action&#8221; button_url=&#8221;http://liesv.com.br/dowloads/cdliesvacessob2018.rar&#8221; button_text=&#8221;Baixe Aqui&#8221; use_background_color=&#8221;off&#8221; background_color=&#8221;#1e73be&#8221; background_layout=&#8221;light&#8221; text_orientation=&#8221;center&#8221; /][/et_pb_column][et_pb_column type=&#8221;1_2&#8243;][et_pb_text admin_label=&#8221;Text&#8221; background_layout=&#8221;light&#8221; text_orientation=&#8221;left&#8221;]</p>
<p>01- Unidos do Bitte<br />
“A epopeia de Severino de Maria, do finado Zacarias, lá da Serra da Costela, nos limites de Paraíba.”<br />
Intérprete: Lid<br />
Compositores: Tatu Maluco</p>
<p>02- Lagarto Feroz<br />
“Quando o Segundo Sol Chegar…”<br />
Intérprete: Thatiane Carvalho<br />
Compositores: Bruno Ribeiro</p>
<p>03- Unidos do Imperador Niterói<br />
“É São João!”<br />
Intérprete: Thiago Acácio<br />
Compositores: Thiago Meiners</p>
<p>04- Favela<br />
“Valeu Zumbi mais um filho seu não foge a luta!”<br />
Intérprete: Claudio Bardelli Jr.<br />
Compositores: Claudio Bardelli Jr e JMauro</p>
<p>05- Unidos do Madruga<br />
“O casamento de Fábio Júnior e Gretchen”<br />
Intérprete: Antônio Carlos<br />
Compositores: José Mauro, Cláudio Bardelli Jr, André Cardoso, Hugo Rodrigues, Pedro Carmo, Alex José, Anderson Monks, Luiz Jacaré, Tiago Vinícius, Bruno Malta, Felipe de Souza, Gabriel Curty, Guilherme Peixoto, Vitor Mello e Leandro Kfé</p>
<p>06- Império Andreense<br />
“Não chuta que é macumba!”<br />
Intérprete: Ewerton Fintelman<br />
Compositores: Thiago Meiners</p>
<p>07- Talvez Eu Vá<br />
“A origem das espécies. Com certeza, “Talvez eu vá” nessa viagem encantada descobrir os segredos da vida.”<br />
Intérprete: Murilo Sousa<br />
Compositores: Igor Antônio</p>
<p>08- Leões da Casa Verde<br />
“Mama África – O ventre do Mundo”<br />
Intérprete:<br />
Compositores: Renato Peres e Júlio Primavera</p>
<p>09- Ases Imperial<br />
“Coacy Beija-Flor”<br />
Intérprete: Nilson Valentim<br />
Compositores: Marcus Lopes e Fábio Giampetro</p>
<p>10- Castelo<br />
“Saudades temos… Mamonas Assassinas – Um Meteoro que alegrou a nossa vida!”<br />
Intérprete: Gabriela Santos “Anja”<br />
Compositores: Anderson Azarias</p>
<p>11- Mocidade Imperial da Matinha<br />
“Centenário do Tufão. É o São Raimundo nas asas do Gavião!”<br />
Intérprete:<br />
Compositores:</p>
<p>12- Acadêmicos do Marxismo<br />
“Nos 200 anos de Marx, um espectro ronda o samba!”<br />
Intérprete: Emanoel Candal<br />
Compositores: André Cardoso, Pedro Carmo, Anderson Monks, Hugo Rodrigues, Alex José e Luiz Jacaré</p>
<p>13- Mocidade Curitibana<br />
“Desperte a Criança que existe dentro de você”<br />
Intérprete:<br />
Compositores:</p>
<p>14- Caprichosos da Harmonia<br />
“Muito prazer, sou Agenor de Miranda Araújo Neto, mas caprichosamente me chamem de Cazuza, pois tempo… O tempo não para”<br />
Intérprete:<br />
Compositores: Luiz Poeta e Felipe Lima</p>
<p>15- Patriarcas<br />
“A lua é testemunha”<br />
Intérprete: Bruno Painho<br />
Compositores: Flavio Santos</p>
<p>16- Remeiros<br />
“Estórias Gerais do Sertão Mineiro,as veredas de um povo sofrido”<br />
Intérprete:<br />
Compositores: Tatu Maluco</p>
<p>17- Estação do Império<br />
“O Livro de Nod”<br />
Intérprete:<br />
Compositores: Claudio Bardelli Jr</p>
<p>18- Sociedade Unidos de Jacarepaguá<br />
“Paz na Terra à Todos. Abram Suas Mentes, Soltem a Pessoa Que Existe Em Você”<br />
Intérprete: Thiago Brito<br />
Compositores:</p>
<p>[/et_pb_text][/et_pb_column][/et_pb_row][et_pb_row][et_pb_column type=&#8221;4_4&#8243;][et_pb_text admin_label=&#8221;Text&#8221; background_layout=&#8221;light&#8221; text_orientation=&#8221;center&#8221;]<script async src="//pagead2.googlesyndication.com/pagead/js/adsbygoogle.js"></script></p>
<p><!-- Página frontal - 1 (liesv.com.br) --><br />
<ins class="adsbygoogle" style="display: block;" data-ad-client="ca-pub-5373792418344040" data-ad-slot="8160947015" data-ad-format="auto"></ins><br />
<script>
(adsbygoogle = window.adsbygoogle || []).push({});
</script>[/et_pb_text][/et_pb_column][/et_pb_row][/et_pb_section]</p>
