{"id":7898,"date":"2021-01-04T17:55:09","date_gmt":"2021-01-04T20:55:09","guid":{"rendered":"http:\/\/www.liesv.com.br\/site\/?page_id=7898"},"modified":"2021-01-14T01:57:37","modified_gmt":"2021-01-14T04:57:37","slug":"ano-2021-edicao-especial","status":"publish","type":"page","link":"https:\/\/www.liesv.com.br\/site\/carnaval-virtual\/escolas-de-samba\/paginas\/cangaceiros\/ano-2021-edicao-especial\/","title":{"rendered":"2021 &#8211; Edi\u00e7\u00e3o Especial &#8211; Cangaceiros"},"content":{"rendered":"<div id=\"pl-7898\"  class=\"panel-layout\" ><div id=\"pg-7898-0\"  class=\"panel-grid panel-has-style\" ><div class=\"siteorigin-panels-stretch panel-row-style panel-row-style-for-7898-0\" data-stretch-type=\"full-stretched\" ><div id=\"pgc-7898-0-0\"  class=\"panel-grid-cell panel-grid-cell-empty\" ><\/div><div id=\"pgc-7898-0-1\"  class=\"panel-grid-cell panel-grid-cell-mobile-last\" ><div id=\"panel-7898-0-1-0\" class=\"so-panel widget widget_sow-image panel-first-child panel-last-child\" data-index=\"0\" ><div class=\"panel-widget-style panel-widget-style-for-7898-0-1-0\" ><div\n\t\t\t\n\t\t\tclass=\"so-widget-sow-image so-widget-sow-image-default-c67d20f9f743-7898\"\n\t\t\t\n\t\t>\n<div class=\"sow-image-container\">\n\t\t<img \n\tsrc=\"https:\/\/www.liesv.com.br\/site\/wp-content\/uploads\/2020\/12\/carnaval2021-texto.fw_.png\" width=\"900\" height=\"100\" srcset=\"https:\/\/www.liesv.com.br\/site\/wp-content\/uploads\/2020\/12\/carnaval2021-texto.fw_.png 900w, https:\/\/www.liesv.com.br\/site\/wp-content\/uploads\/2020\/12\/carnaval2021-texto.fw_-300x33.png 300w, https:\/\/www.liesv.com.br\/site\/wp-content\/uploads\/2020\/12\/carnaval2021-texto.fw_-768x85.png 768w\" sizes=\"(max-width: 900px) 100vw, 900px\" title=\"carnaval2021-texto.fw\" alt=\"\" \t\tclass=\"so-widget-image\"\/>\n\t<\/div>\n\n<\/div><\/div><\/div><\/div><div id=\"pgc-7898-0-2\"  class=\"panel-grid-cell panel-grid-cell-empty\" ><\/div><\/div><\/div><div id=\"pg-7898-1\"  class=\"panel-grid panel-has-style\" ><div class=\"siteorigin-panels-stretch panel-row-style panel-row-style-for-7898-1\" data-stretch-type=\"full-stretched\" ><div id=\"pgc-7898-1-0\"  class=\"panel-grid-cell\" ><div id=\"panel-7898-1-0-0\" class=\"so-panel widget widget_sow-image panel-first-child panel-last-child\" data-index=\"1\" ><div class=\"panel-widget-style panel-widget-style-for-7898-1-0-0\" ><div\n\t\t\t\n\t\t\tclass=\"so-widget-sow-image so-widget-sow-image-default-a258e6bfa2d8-7898\"\n\t\t\t\n\t\t>\n<div class=\"sow-image-container\">\n\t\t<img \n\tsrc=\"https:\/\/www.liesv.com.br\/site\/wp-content\/uploads\/2018\/10\/linha.fw_-1.png\" width=\"1040\" height=\"20\" srcset=\"https:\/\/www.liesv.com.br\/site\/wp-content\/uploads\/2018\/10\/linha.fw_-1.png 1040w, https:\/\/www.liesv.com.br\/site\/wp-content\/uploads\/2018\/10\/linha.fw_-1-300x6.png 300w, https:\/\/www.liesv.com.br\/site\/wp-content\/uploads\/2018\/10\/linha.fw_-1-768x15.png 768w, https:\/\/www.liesv.com.br\/site\/wp-content\/uploads\/2018\/10\/linha.fw_-1-1024x20.png 1024w\" sizes=\"(max-width: 1040px) 100vw, 1040px\" title=\"linha.fw\" alt=\"\" \t\tclass=\"so-widget-image\"\/>\n\t<\/div>\n\n<\/div><\/div><\/div><\/div><\/div><\/div><div id=\"pg-7898-2\"  class=\"panel-grid panel-has-style\" ><div class=\"siteorigin-panels-stretch panel-row-style panel-row-style-for-7898-2\" data-stretch-type=\"full-stretched\" ><div id=\"pgc-7898-2-0\"  class=\"panel-grid-cell\" ><div id=\"panel-7898-2-0-0\" class=\"so-panel widget widget_sow-image panel-first-child panel-last-child\" data-index=\"2\" ><div class=\"panel-widget-style panel-widget-style-for-7898-2-0-0\" ><div\n\t\t\t\n\t\t\tclass=\"so-widget-sow-image so-widget-sow-image-default-113ccd71f3e6-7898\"\n\t\t\t\n\t\t>\n<div class=\"sow-image-container\">\n\t\t<img \n\tsrc=\"https:\/\/www.liesv.com.br\/site\/wp-content\/uploads\/2018\/11\/cangaceiros.png\" width=\"550\" height=\"370\" srcset=\"https:\/\/www.liesv.com.br\/site\/wp-content\/uploads\/2018\/11\/cangaceiros.png 550w, https:\/\/www.liesv.com.br\/site\/wp-content\/uploads\/2018\/11\/cangaceiros-300x202.png 300w, https:\/\/www.liesv.com.br\/site\/wp-content\/uploads\/2018\/11\/cangaceiros-272x182.png 272w\" sizes=\"(max-width: 550px) 100vw, 550px\" alt=\"\" \t\tclass=\"so-widget-image\"\/>\n\t<\/div>\n\n<\/div><\/div><\/div><\/div><div id=\"pgc-7898-2-1\"  class=\"panel-grid-cell\" ><div id=\"panel-7898-2-1-0\" class=\"so-panel widget widget_sow-editor panel-first-child panel-last-child\" data-index=\"3\" ><div\n\t\t\t\n\t\t\tclass=\"so-widget-sow-editor so-widget-sow-editor-base\"\n\t\t\t\n\t\t>\n<div class=\"siteorigin-widget-tinymce textwidget\">\n\t<div style=\"width: 100%; margin-top: 10px; padding: 15px;\">\n<div style=\"width: 100%;\">\n<h1 style=\"text-align: center;\"><span style=\"color: #000000; font-family: Arial;\"><strong>Cangaceiros<br \/>\n<\/strong><\/span><\/h1>\n<h2><span style=\"color: #003366; font-family: Arial;\"><strong>Ficha T\u00e9cnica:<br \/>\n<\/strong><\/span><\/h2>\n<h3><strong>Presidente: <\/strong>Jos\u00e9 Mauro<\/h3>\n<h3><strong>Carnavalesco:<\/strong> Chico Perez<\/h3>\n<h3><strong>Diretor de Carnaval:<\/strong> Theo Valter<\/h3>\n<h3><strong>Int\u00e9rprete:<\/strong> Cl\u00e1udio Bardelli Jr.<\/h3>\n<\/div>\n<\/div>\n<\/div>\n<\/div><\/div><\/div><\/div><\/div><div id=\"pg-7898-3\"  class=\"panel-grid panel-has-style\" ><div class=\"siteorigin-panels-stretch panel-row-style panel-row-style-for-7898-3\" data-stretch-type=\"full-stretched\" ><div id=\"pgc-7898-3-0\"  class=\"panel-grid-cell\" ><div id=\"panel-7898-3-0-0\" class=\"so-panel widget widget_sow-editor panel-first-child panel-last-child\" data-index=\"4\" ><div\n\t\t\t\n\t\t\tclass=\"so-widget-sow-editor so-widget-sow-editor-base\"\n\t\t\t\n\t\t>\n<div class=\"siteorigin-widget-tinymce textwidget\">\n\t<div style=\"width: 100%; margin-top: 10px; padding: 15px;\">\n<div style=\"width: 100%;\">\n<h1 style=\"text-align: center;\"><span style=\"color: #4c0066; font-family: Arial;\"><strong>\"Um, flato, traque ou cheiroso, segura o peito no trepidar do hon\u00f3rio pendante\"<\/strong><\/span><\/h1>\n<\/div>\n<\/div>\n<\/div>\n<\/div><\/div><\/div><\/div><\/div><div id=\"pg-7898-4\"  class=\"panel-grid panel-has-style\" ><div class=\"siteorigin-panels-stretch panel-row-style panel-row-style-for-7898-4\" data-stretch-type=\"full-stretched\" ><div id=\"pgc-7898-4-0\"  class=\"panel-grid-cell\" ><div id=\"panel-7898-4-0-0\" class=\"so-panel widget widget_sow-editor panel-first-child panel-last-child\" data-index=\"5\" ><div class=\"panel-widget-style panel-widget-style-for-7898-4-0-0\" ><div\n\t\t\t\n\t\t\tclass=\"so-widget-sow-editor so-widget-sow-editor-base\"\n\t\t\t\n\t\t>\n<div class=\"siteorigin-widget-tinymce textwidget\">\n\t<h4 style=\"text-align: left; color: #535362;\"><strong>O Desfile<\/strong><\/h4>\n<h4 style=\"text-align: left; color: #0059ab;\"><strong>-- alas | -- Alegorias | -- Casal de Mestre Sala e Porta Bandeira<br \/>\n<\/strong><\/h4>\n<\/div>\n<\/div><\/div><\/div><\/div><div id=\"pgc-7898-4-1\"  class=\"panel-grid-cell\" ><div id=\"panel-7898-4-1-0\" class=\"so-panel widget widget_sow-editor panel-first-child panel-last-child\" data-index=\"6\" ><div class=\"panel-widget-style panel-widget-style-for-7898-4-1-0\" ><div\n\t\t\t\n\t\t\tclass=\"so-widget-sow-editor so-widget-sow-editor-base\"\n\t\t\t\n\t\t>\n<div class=\"siteorigin-widget-tinymce textwidget\">\n\t<h4 style=\"color: #535362; text-align: center;\"><strong>Ordem do Desfile (Grupo ---)<\/strong><\/h4>\n<h4 style=\"color: #0059ab; text-align: center;\"><strong>--\u00ba escola a desfilar (---)<br \/>\n<\/strong><\/h4>\n<\/div>\n<\/div><\/div><\/div><\/div><div id=\"pgc-7898-4-2\"  class=\"panel-grid-cell\" ><div id=\"panel-7898-4-2-0\" class=\"so-panel widget widget_sow-editor panel-first-child panel-last-child\" data-index=\"7\" ><div\n\t\t\t\n\t\t\tclass=\"so-widget-sow-editor so-widget-sow-editor-base\"\n\t\t\t\n\t\t>\n<div class=\"siteorigin-widget-tinymce textwidget\">\n\t<h4 style=\"text-align: center; color: #535362;\"><strong>Classifica\u00e7\u00e3o<\/strong><\/h4>\n<h4 style=\"text-align: center; color: #a64545;\"><strong>--<br \/>\n<\/strong><\/h4>\n<\/div>\n<\/div><\/div><\/div><div id=\"pgc-7898-4-3\"  class=\"panel-grid-cell\" ><div id=\"panel-7898-4-3-0\" class=\"so-panel widget widget_sow-button panel-first-child panel-last-child\" data-index=\"8\" ><div\n\t\t\t\n\t\t\tclass=\"so-widget-sow-button so-widget-sow-button-flat-4fc118220f6c-7898\"\n\t\t\t\n\t\t><div class=\"ow-button-base ow-button-align-center\"\n>\n\t\t\t<a\n\t\t\t\tclass=\"sowb-button ow-icon-placement-left ow-button-hover\" target=\"_blank\" rel=\"noopener noreferrer\" \t>\n\t\t<span>\n\t\t\t<span class=\"sow-icon-icomoon\" data-sow-icon=\"&#xe914;\"\n\t\tstyle=\"\" \n\t\taria-hidden=\"true\"><\/span>\n\t\t\tVer Desfile\t\t<\/span>\n\t\t\t<\/a>\n\t<\/div>\n<\/div><\/div><\/div><\/div><\/div><div id=\"pg-7898-5\"  class=\"panel-grid panel-has-style\" ><div class=\"siteorigin-panels-stretch panel-row-style panel-row-style-for-7898-5\" data-stretch-type=\"full-stretched\" ><div id=\"pgc-7898-5-0\"  class=\"panel-grid-cell\" ><div id=\"panel-7898-5-0-0\" class=\"so-panel widget widget_sow-image panel-first-child panel-last-child\" data-index=\"9\" ><div class=\"panel-widget-style panel-widget-style-for-7898-5-0-0\" ><div\n\t\t\t\n\t\t\tclass=\"so-widget-sow-image so-widget-sow-image-default-a258e6bfa2d8-7898\"\n\t\t\t\n\t\t>\n<div class=\"sow-image-container\">\n\t\t<img \n\tsrc=\"https:\/\/www.liesv.com.br\/site\/wp-content\/uploads\/2018\/10\/linha.fw_-1.png\" width=\"1040\" height=\"20\" srcset=\"https:\/\/www.liesv.com.br\/site\/wp-content\/uploads\/2018\/10\/linha.fw_-1.png 1040w, https:\/\/www.liesv.com.br\/site\/wp-content\/uploads\/2018\/10\/linha.fw_-1-300x6.png 300w, https:\/\/www.liesv.com.br\/site\/wp-content\/uploads\/2018\/10\/linha.fw_-1-768x15.png 768w, https:\/\/www.liesv.com.br\/site\/wp-content\/uploads\/2018\/10\/linha.fw_-1-1024x20.png 1024w\" sizes=\"(max-width: 1040px) 100vw, 1040px\" title=\"linha.fw\" alt=\"\" \t\tclass=\"so-widget-image\"\/>\n\t<\/div>\n\n<\/div><\/div><\/div><\/div><\/div><\/div><div id=\"pg-7898-6\"  class=\"panel-grid panel-has-style\" ><div class=\"siteorigin-panels-stretch panel-row-style panel-row-style-for-7898-6\" data-stretch-type=\"full-stretched\" ><div id=\"pgc-7898-6-0\"  class=\"panel-grid-cell\" ><div id=\"panel-7898-6-0-0\" class=\"so-panel widget widget_sow-editor panel-first-child panel-last-child\" data-index=\"10\" ><div class=\"panel-widget-style panel-widget-style-for-7898-6-0-0\" ><div\n\t\t\t\n\t\t\tclass=\"so-widget-sow-editor so-widget-sow-editor-base\"\n\t\t\t\n\t\t>\n<div class=\"siteorigin-widget-tinymce textwidget\">\n\t<h2 style=\"text-align: center;\"><span style=\"color: #ffffff;\"><strong>Sinopse<\/strong><\/span><\/h2>\n<\/div>\n<\/div><\/div><\/div><\/div><\/div><\/div><div id=\"pg-7898-7\"  class=\"panel-grid panel-has-style\" ><div class=\"siteorigin-panels-stretch panel-row-style panel-row-style-for-7898-7\" data-stretch-type=\"full-stretched\" ><div id=\"pgc-7898-7-0\"  class=\"panel-grid-cell\" ><div id=\"panel-7898-7-0-0\" class=\"so-panel widget widget_sow-image panel-first-child panel-last-child\" data-index=\"11\" ><div class=\"panel-widget-style panel-widget-style-for-7898-7-0-0\" ><div\n\t\t\t\n\t\t\tclass=\"so-widget-sow-image so-widget-sow-image-default-113ccd71f3e6-7898\"\n\t\t\t\n\t\t>\n<div class=\"sow-image-container\">\n\t\t<img \n\tsrc=\"https:\/\/www.liesv.com.br\/site\/wp-content\/uploads\/2021\/01\/cangaceiros-logo-carnaval-virtual-2021-edi\u00e7\u00e3o-especial-fevereiro.jpg\" width=\"500\" height=\"500\" srcset=\"https:\/\/www.liesv.com.br\/site\/wp-content\/uploads\/2021\/01\/cangaceiros-logo-carnaval-virtual-2021-edi\u00e7\u00e3o-especial-fevereiro.jpg 500w, https:\/\/www.liesv.com.br\/site\/wp-content\/uploads\/2021\/01\/cangaceiros-logo-carnaval-virtual-2021-edi\u00e7\u00e3o-especial-fevereiro-300x300.jpg 300w, https:\/\/www.liesv.com.br\/site\/wp-content\/uploads\/2021\/01\/cangaceiros-logo-carnaval-virtual-2021-edi\u00e7\u00e3o-especial-fevereiro-150x150.jpg 150w\" sizes=\"(max-width: 500px) 100vw, 500px\" alt=\"\" \t\tclass=\"so-widget-image\"\/>\n\t<\/div>\n\n<\/div><\/div><\/div><\/div><div id=\"pgc-7898-7-1\"  class=\"panel-grid-cell\" ><div id=\"panel-7898-7-1-0\" class=\"so-panel widget widget_sow-editor panel-first-child panel-last-child\" data-index=\"12\" ><div class=\"panel-widget-style panel-widget-style-for-7898-7-1-0\" ><div\n\t\t\t\n\t\t\tclass=\"so-widget-sow-editor so-widget-sow-editor-base\"\n\t\t\t\n\t\t>\n<div class=\"siteorigin-widget-tinymce textwidget\">\n\t<div style=\"overflow: auto; height: 800px; padding: 20px;\">\n<p><span style=\"color: #003366;\"><strong>Autores:<\/strong> Jos\u00e9 Mauro<\/span><\/p>\n<p><span style=\"color: #003366;\"><strong>Carnavalesco:<\/strong>\u00a0Chico Perez<\/span><\/p>\n<h2 style=\"text-align: center;\"><span style=\"color: #003366;\"><strong>Pum, flato, traque ou cheiroso, segura o peito no trepidar do hon\u00f3rio pendante<br \/>\n<\/strong><\/span><\/h2>\n<p><span style=\"color: #003366;\"><strong>Introdu\u00e7\u00e3o:<\/strong><\/span><\/p>\n<p style=\"color: #003366;\">O Clube Carnavalesco Virtual Cangaceiros participar\u00e1 honrosamente do Carnaval Extra da LIESV Carnaval Virtual de Fevereiro com o enredo \u201cPum, flato, traque ou cheiroso, segura o peito no trepidar do hon\u00f3rio pendante\u201d, baseado no artigo do escritor Moacyr Scliar (in memorian) ao jornal noticioso \u201cFolha de S. Paulo\u201d, intitulado \u201cO pum da cultura\u201d. Esperamos que se divirtam neste carnaval.<\/p>\n<p><span style=\"color: #003366;\"><strong>Resumo:<\/strong><\/span><\/p>\n<p style=\"color: #003366;\">O enredo que come\u00e7a com o intelectual ingerindo as comidas que causam flatul\u00eancia, passa mal, e tem pesadelos, acometido pelo pecado da gula a padecer no inferno de Dante, com buzanfas trombeteando nos ouvidos dela, com uma troca de di\u00e1logos com a cozinheira Joana, que fez os quitutes para o intr\u00e9pido \u201chomem das letras\u201d.<\/p>\n<p style=\"color: #003366;\"><span style=\"color: #003366;\"><strong>Sinopse:<\/strong><\/span><\/p>\n<p style=\"color: #003366;\">Veio do sul do pa\u00eds pra Pernambuco<br \/>\nUm nobre colega, conhecedor das letras<br \/>\nSe dizendo intelectual, homem do mundo<br \/>\nMas que nunca provou das nossas del\u00edcias<br \/>\nE queria se fartar<br \/>\nMal sabia ele onde iria se enfiar<br \/>\nDepois das comidas provar<br \/>\nAvido e afoito, de tudo comeu<br \/>\nDo sarapatel a buchada<br \/>\nDo bolo de rolo a feijoada<br \/>\nTapioca e at\u00e9 acaraj\u00e9<br \/>\nSe empapu\u00e7ou e o bucho quase estourou<br \/>\nA cozinheira Joana, velha e experiente na arte de ver<br \/>\nGente se lascando nessa, ent\u00e3o avisou:<br \/>\n\u201chomem, n\u00e3o vai dormir logo de \u201cbucho cheio\u201d<br \/>\nPra o pesadelo n\u00e3o te pegar\u201d<br \/>\nEle, metido a sabid\u00e3o, nem ligou<br \/>\nE logo se deitou,<br \/>\nnuma rede na beira do cais,<br \/>\nao som do hino de Pernambuco,<br \/>\n\u201cAnuncia\u00e7\u00e3o\u201d do maioral Alceu Valen\u00e7a, ele adormeceu<br \/>\nMas a barriga foi no ritmo do verso desta can\u00e7\u00e3o<br \/>\n\u201cTu vens, tu vens, eu j\u00e1 escuto os teus sinais\u201d<br \/>\nDa\u00ed veio o primeiro pesadelo<br \/>\nDentro do Inferno de Dante<br \/>\nAtacado por bufanzas da divina com\u00e9dia<br \/>\nQue bufaram seus ouvidos<br \/>\nDa\u00ed ele, ao acordar,<br \/>\nProcurou um ch\u00e1 com a cozinheira<br \/>\nQue na frente dela,<br \/>\ncome\u00e7ou a se desmanchar<br \/>\n\u201cn\u00e3o tem problemas, filho, j\u00e1 t\u00f4 acostumada<br \/>\nCom amarelo como vc\u201d<br \/>\nUm forte trov\u00e3o do ventre saiu<br \/>\ne do fil\u00f3sofo S\u00f3crates<br \/>\nlogo ele lembrou.<br \/>\n\u201cestou como o noivo das mil e uma noites\u201d<br \/>\nQue peidou a cerim\u00f4nia inteira<br \/>\ne morto de vergonha ficou.<br \/>\nJoana de tudo ria, e o intelectual,<br \/>\nQue de v\u00e1rias leituras de tudo tinha visto<br \/>\nSe empolgou:<br \/>\n\u201cSabia que tinha na Inglaterra<br \/>\num cara chamado Absolom<br \/>\nQue um beijo de mulher casada<br \/>\nqueria roubar e levou do marido<br \/>\numa peidada na cara?\u201d<br \/>\nE D. Pedro 2\u00ba? De nada era elegante<br \/>\nPeidava sem cerim\u00f4nia em todo o Pal\u00e1cio<br \/>\nMinha senhora, nem tudo era sorriso<br \/>\nUm duque desrespeitou a Rainha Elizabeth<br \/>\nE ficou 7 anos exilado, mas depois desse tempo<br \/>\nela ainda n\u00e3o esqueceu do fato<br \/>\nSabia que com controle das pregas<br \/>\nSe tocava at\u00e9 flauta que<br \/>\nDo Molin Rouge virou atra\u00e7\u00e3o ?<br \/>\n\u00c9 Freud, minha amiga.<br \/>\nA for\u00e7a da flata\u00e7\u00e3o \u00e9 t\u00e3o grande<br \/>\nQue teve filme, livro e foi at\u00e9 da Broadway<br \/>\nN\u00e3o escapou e o \u201cquem comeu meu queijo\u201d<br \/>\nMusical se transformou?<br \/>\nA velha Joana n\u00e3o se aguentou e logo perguntou:<br \/>\n\u201co senhor conhece tanto de traque internacional,<br \/>\nN\u00e3o aprecia a peidan\u00e7a nacional\u201d<br \/>\nPor isso estou aqui, n\u00e9?<br \/>\nLembra da TV, os Cassetas ?<br \/>\n\u201cN\u00e3o solte pum no elevador\u201d<br \/>\nGrande campanha incerta<br \/>\nPor n\u00e3o d\u00e1 pra segurar.<br \/>\nOlha a cozinha, repleta de comida<br \/>\nBatata doce com ovo,<br \/>\ncombust\u00edvel dos marombeiros<br \/>\nAlho com repolho<br \/>\nCombust\u00edvel dos peidoreiros<br \/>\nE olha a minha m\u00e3o?<br \/>\nAmarela que s\u00f3, m\u00e3o de peid\u00e3o<br \/>\nE, a partir de hoje, como sou mengo<br \/>\nFarei parte da TOF \u2013 Torcida Organizada<br \/>\nFla-tulencia do meng\u00e3o<br \/>\nAh, lembrei quando era pequeno,<br \/>\nQue tinha de soltar o traque bem baixinho<br \/>\nPro isso, fiquei conhecido como \u201cmenino traquino\u201d<br \/>\nNisso, a barriga do intelectual melhorou<br \/>\nA cozinheira por enquanto se \u201caquetou\u201d<br \/>\nMas a TV estava ligada na cozinha<br \/>\nRegina Duarte estava discursando<br \/>\nO pum do palha\u00e7o com a cultura ela comparou<br \/>\nUm peido forte no ar subiu<br \/>\nFoi a senhora, dona Joana?<br \/>\n\u201cSou velha, filho, n\u00e3o deu mais pra segurar<br \/>\nExplodiu este cheiros\u00e3o\u201d<br \/>\nFoi assim, que esta hist\u00f3ria de<br \/>\nreal valor e relev\u00e2ncia cultural<br \/>\nSoltada em versos no Carnaval virtual<br \/>\nSem vergonha ou pudor<br \/>\nMedo de fedor<br \/>\nO Cangaceiros desafia voc\u00ea<br \/>\nA abrir o seu cora\u00e7\u00e3o<br \/>\nLibertando o seu rab\u00e3o<br \/>\ncomo um grande peid\u00e3o !<\/p>\n<\/div>\n<\/div>\n<\/div><\/div><\/div><\/div><\/div><\/div><div id=\"pg-7898-8\"  class=\"panel-grid panel-has-style\" ><div class=\"siteorigin-panels-stretch panel-row-style panel-row-style-for-7898-8\" data-stretch-type=\"full-stretched\" ><div id=\"pgc-7898-8-0\"  class=\"panel-grid-cell\" ><div id=\"panel-7898-8-0-0\" class=\"so-panel widget widget_sow-editor panel-first-child panel-last-child\" data-index=\"13\" ><div class=\"panel-widget-style panel-widget-style-for-7898-8-0-0\" ><div\n\t\t\t\n\t\t\tclass=\"so-widget-sow-editor so-widget-sow-editor-base\"\n\t\t\t\n\t\t>\n<div class=\"siteorigin-widget-tinymce textwidget\">\n\t<h2 style=\"text-align: center;\"><span style=\"color: #ffffff;\"><strong>Samba Enredo<\/strong><\/span><\/h2>\n<\/div>\n<\/div><\/div><\/div><\/div><\/div><\/div><div id=\"pg-7898-9\"  class=\"panel-grid panel-has-style\" ><div class=\"siteorigin-panels-stretch panel-row-style panel-row-style-for-7898-9\" data-stretch-type=\"full-stretched\" ><div id=\"pgc-7898-9-0\"  class=\"panel-grid-cell panel-grid-cell-empty\" ><\/div><div id=\"pgc-7898-9-1\"  class=\"panel-grid-cell panel-grid-cell-mobile-last\" ><div id=\"panel-7898-9-1-0\" class=\"so-panel widget widget_sow-editor panel-first-child\" data-index=\"14\" ><div class=\"panel-widget-style panel-widget-style-for-7898-9-1-0\" ><div\n\t\t\t\n\t\t\tclass=\"so-widget-sow-editor so-widget-sow-editor-base\"\n\t\t\t\n\t\t>\n<div class=\"siteorigin-widget-tinymce textwidget\">\n\t<div style=\"overflow: auto; padding: 10px;\">\n<h3 style=\"text-align: center;\"><span style=\"color: #003366;\"><strong>Compositores<\/strong><\/span><\/h3>\n<h3 style=\"text-align: center;\">---<\/h3>\n<h3 style=\"text-align: center;\"><span style=\"color: #003366;\"><strong>Int\u00e9rprete<\/strong><\/span><\/h3>\n<h3 style=\"text-align: center;\">---<\/h3>\n<hr \/>\n<\/div>\n<\/div>\n<\/div><\/div><\/div><div id=\"panel-7898-9-1-1\" class=\"widget_text so-panel widget widget_custom_html\" data-index=\"15\" ><div class=\"widget_text panel-widget-style panel-widget-style-for-7898-9-1-1\" ><div class=\"textwidget custom-html-widget\"><\/div><\/div><\/div><div id=\"panel-7898-9-1-2\" class=\"so-panel widget widget_sow-editor panel-last-child\" data-index=\"16\" ><div class=\"panel-widget-style panel-widget-style-for-7898-9-1-2\" ><div\n\t\t\t\n\t\t\tclass=\"so-widget-sow-editor so-widget-sow-editor-base\"\n\t\t\t\n\t\t>\n<div class=\"siteorigin-widget-tinymce textwidget\">\n\t<div>\n<h4 style=\"text-align: center;\"><span style=\"color: #003366;\"><strong>LETRA DO SAMBA ENREDO<\/strong><\/span><\/h4>\n<p style=\"text-align: center; color: #003366;\"><strong>---<\/strong><\/p>\n<p style=\"text-align: center; color: #003366;\">---<\/p>\n<p style=\"text-align: center; color: #003366;\"><strong>---<\/strong><\/p>\n<\/div>\n<\/div>\n<\/div><\/div><\/div><\/div><div id=\"pgc-7898-9-2\"  class=\"panel-grid-cell panel-grid-cell-empty\" ><\/div><\/div><\/div><\/div>","protected":false},"excerpt":{"rendered":"<p>Cangaceiros Ficha T\u00e9cnica: Presidente: Jos\u00e9 Mauro Carnavalesco: Chico Perez Diretor de Carnaval: Theo Valter Int\u00e9rprete: Cl\u00e1udio Bardelli Jr. &#8220;Um, flato, traque ou cheiroso, segura o&hellip;<\/p>\n","protected":false},"author":4,"featured_media":0,"parent":6284,"menu_order":0,"comment_status":"closed","ping_status":"closed","template":"","meta":{"footnotes":""},"_links":{"self":[{"href":"https:\/\/www.liesv.com.br\/site\/wp-json\/wp\/v2\/pages\/7898"}],"collection":[{"href":"https:\/\/www.liesv.com.br\/site\/wp-json\/wp\/v2\/pages"}],"about":[{"href":"https:\/\/www.liesv.com.br\/site\/wp-json\/wp\/v2\/types\/page"}],"author":[{"embeddable":true,"href":"https:\/\/www.liesv.com.br\/site\/wp-json\/wp\/v2\/users\/4"}],"replies":[{"embeddable":true,"href":"https:\/\/www.liesv.com.br\/site\/wp-json\/wp\/v2\/comments?post=7898"}],"version-history":[{"count":14,"href":"https:\/\/www.liesv.com.br\/site\/wp-json\/wp\/v2\/pages\/7898\/revisions"}],"predecessor-version":[{"id":8183,"href":"https:\/\/www.liesv.com.br\/site\/wp-json\/wp\/v2\/pages\/7898\/revisions\/8183"}],"up":[{"embeddable":true,"href":"https:\/\/www.liesv.com.br\/site\/wp-json\/wp\/v2\/pages\/6284"}],"wp:attachment":[{"href":"https:\/\/www.liesv.com.br\/site\/wp-json\/wp\/v2\/media?parent=7898"}],"curies":[{"name":"wp","href":"https:\/\/api.w.org\/{rel}","templated":true}]}}