{"id":7899,"date":"2021-01-04T17:54:51","date_gmt":"2021-01-04T20:54:51","guid":{"rendered":"http:\/\/www.liesv.com.br\/site\/?page_id=7899"},"modified":"2021-01-14T02:00:32","modified_gmt":"2021-01-14T05:00:32","slug":"ano-2021-edicao-especial","status":"publish","type":"page","link":"https:\/\/www.liesv.com.br\/site\/carnaval-virtual\/escolas-de-samba\/paginas\/ilu-aye\/ano-2021-edicao-especial\/","title":{"rendered":"2021 &#8211; Edi\u00e7\u00e3o Especial &#8211; Ilu Ay\u00ea"},"content":{"rendered":"<div id=\"pl-7899\"  class=\"panel-layout\" ><div id=\"pg-7899-0\"  class=\"panel-grid panel-has-style\" ><div class=\"siteorigin-panels-stretch panel-row-style panel-row-style-for-7899-0\" data-stretch-type=\"full-stretched\" ><div id=\"pgc-7899-0-0\"  class=\"panel-grid-cell panel-grid-cell-empty\" ><\/div><div id=\"pgc-7899-0-1\"  class=\"panel-grid-cell panel-grid-cell-mobile-last\" ><div id=\"panel-7899-0-1-0\" class=\"so-panel widget widget_sow-image panel-first-child panel-last-child\" data-index=\"0\" ><div class=\"panel-widget-style panel-widget-style-for-7899-0-1-0\" ><div\n\t\t\t\n\t\t\tclass=\"so-widget-sow-image so-widget-sow-image-default-c67d20f9f743-7899\"\n\t\t\t\n\t\t>\n<div class=\"sow-image-container\">\n\t\t<img \n\tsrc=\"https:\/\/www.liesv.com.br\/site\/wp-content\/uploads\/2020\/12\/carnaval2021-texto.fw_.png\" width=\"900\" height=\"100\" srcset=\"https:\/\/www.liesv.com.br\/site\/wp-content\/uploads\/2020\/12\/carnaval2021-texto.fw_.png 900w, https:\/\/www.liesv.com.br\/site\/wp-content\/uploads\/2020\/12\/carnaval2021-texto.fw_-300x33.png 300w, https:\/\/www.liesv.com.br\/site\/wp-content\/uploads\/2020\/12\/carnaval2021-texto.fw_-768x85.png 768w\" sizes=\"(max-width: 900px) 100vw, 900px\" title=\"carnaval2021-texto.fw\" alt=\"\" \t\tclass=\"so-widget-image\"\/>\n\t<\/div>\n\n<\/div><\/div><\/div><\/div><div id=\"pgc-7899-0-2\"  class=\"panel-grid-cell panel-grid-cell-empty\" ><\/div><\/div><\/div><div id=\"pg-7899-1\"  class=\"panel-grid panel-has-style\" ><div class=\"siteorigin-panels-stretch panel-row-style panel-row-style-for-7899-1\" data-stretch-type=\"full-stretched\" ><div id=\"pgc-7899-1-0\"  class=\"panel-grid-cell\" ><div id=\"panel-7899-1-0-0\" class=\"so-panel widget widget_sow-image panel-first-child panel-last-child\" data-index=\"1\" ><div class=\"panel-widget-style panel-widget-style-for-7899-1-0-0\" ><div\n\t\t\t\n\t\t\tclass=\"so-widget-sow-image so-widget-sow-image-default-a258e6bfa2d8-7899\"\n\t\t\t\n\t\t>\n<div class=\"sow-image-container\">\n\t\t<img \n\tsrc=\"https:\/\/www.liesv.com.br\/site\/wp-content\/uploads\/2018\/10\/linha.fw_-1.png\" width=\"1040\" height=\"20\" srcset=\"https:\/\/www.liesv.com.br\/site\/wp-content\/uploads\/2018\/10\/linha.fw_-1.png 1040w, https:\/\/www.liesv.com.br\/site\/wp-content\/uploads\/2018\/10\/linha.fw_-1-300x6.png 300w, https:\/\/www.liesv.com.br\/site\/wp-content\/uploads\/2018\/10\/linha.fw_-1-768x15.png 768w, https:\/\/www.liesv.com.br\/site\/wp-content\/uploads\/2018\/10\/linha.fw_-1-1024x20.png 1024w\" sizes=\"(max-width: 1040px) 100vw, 1040px\" title=\"linha.fw\" alt=\"\" \t\tclass=\"so-widget-image\"\/>\n\t<\/div>\n\n<\/div><\/div><\/div><\/div><\/div><\/div><div id=\"pg-7899-2\"  class=\"panel-grid panel-has-style\" ><div class=\"siteorigin-panels-stretch panel-row-style panel-row-style-for-7899-2\" data-stretch-type=\"full-stretched\" ><div id=\"pgc-7899-2-0\"  class=\"panel-grid-cell\" ><div id=\"panel-7899-2-0-0\" class=\"so-panel widget widget_sow-image panel-first-child panel-last-child\" data-index=\"2\" ><div class=\"panel-widget-style panel-widget-style-for-7899-2-0-0\" ><div\n\t\t\t\n\t\t\tclass=\"so-widget-sow-image so-widget-sow-image-default-113ccd71f3e6-7899\"\n\t\t\t\n\t\t>\n<div class=\"sow-image-container\">\n\t\t<img \n\tsrc=\"https:\/\/www.liesv.com.br\/site\/wp-content\/uploads\/2020\/12\/Ilu-Ay\u00ea.fw_.png\" width=\"550\" height=\"370\" srcset=\"https:\/\/www.liesv.com.br\/site\/wp-content\/uploads\/2020\/12\/Ilu-Ay\u00ea.fw_.png 550w, https:\/\/www.liesv.com.br\/site\/wp-content\/uploads\/2020\/12\/Ilu-Ay\u00ea.fw_-300x202.png 300w, https:\/\/www.liesv.com.br\/site\/wp-content\/uploads\/2020\/12\/Ilu-Ay\u00ea.fw_-272x182.png 272w\" sizes=\"(max-width: 550px) 100vw, 550px\" title=\"Ilu Ay\u00ea.fw\" alt=\"\" \t\tclass=\"so-widget-image\"\/>\n\t<\/div>\n\n<\/div><\/div><\/div><\/div><div id=\"pgc-7899-2-1\"  class=\"panel-grid-cell\" ><div id=\"panel-7899-2-1-0\" class=\"so-panel widget widget_sow-editor panel-first-child panel-last-child\" data-index=\"3\" ><div\n\t\t\t\n\t\t\tclass=\"so-widget-sow-editor so-widget-sow-editor-base\"\n\t\t\t\n\t\t>\n<div class=\"siteorigin-widget-tinymce textwidget\">\n\t<div style=\"width: 100%; margin-top: 10px; padding: 15px;\">\n<div style=\"width: 100%;\">\n<h1 style=\"text-align: center;\"><span style=\"color: #000000; font-family: Arial;\"><strong>Ilu Ay\u00ea<br \/>\n<\/strong><\/span><\/h1>\n<h2><span style=\"color: #003366; font-family: Arial;\"><strong>Ficha T\u00e9cnica:<br \/>\n<\/strong><\/span><\/h2>\n<h3><strong>Presidente: <\/strong>Fernando Igbin<\/h3>\n<h3><strong>Carnavalesco:<\/strong> Felipe Bessem<\/h3>\n<h3><strong>Int\u00e9rprete:<\/strong> James Bernardes<\/h3>\n<h3><strong>Autores do Enredo:<\/strong> Felipe Bessem e Fernando Igbin<\/h3>\n<\/div>\n<\/div>\n<\/div>\n<\/div><\/div><\/div><\/div><\/div><div id=\"pg-7899-3\"  class=\"panel-grid panel-has-style\" ><div class=\"siteorigin-panels-stretch panel-row-style panel-row-style-for-7899-3\" data-stretch-type=\"full-stretched\" ><div id=\"pgc-7899-3-0\"  class=\"panel-grid-cell\" ><div id=\"panel-7899-3-0-0\" class=\"so-panel widget widget_sow-editor panel-first-child panel-last-child\" data-index=\"4\" ><div\n\t\t\t\n\t\t\tclass=\"so-widget-sow-editor so-widget-sow-editor-base\"\n\t\t\t\n\t\t>\n<div class=\"siteorigin-widget-tinymce textwidget\">\n\t<div style=\"width: 100%; margin-top: 10px; padding: 15px;\">\n<div style=\"width: 100%;\">\n<h1 style=\"text-align: center;\"><span style=\"color: #4c0066; font-family: Arial;\"><strong>\"Oni Ogbin \u2014 H\u00e1 de se festejar a vida nas noites de Lua Nova\"<\/strong><\/span><\/h1>\n<\/div>\n<\/div>\n<\/div>\n<\/div><\/div><\/div><\/div><\/div><div id=\"pg-7899-4\"  class=\"panel-grid panel-has-style\" ><div class=\"siteorigin-panels-stretch panel-row-style panel-row-style-for-7899-4\" data-stretch-type=\"full-stretched\" ><div id=\"pgc-7899-4-0\"  class=\"panel-grid-cell\" ><div id=\"panel-7899-4-0-0\" class=\"so-panel widget widget_sow-editor panel-first-child panel-last-child\" data-index=\"5\" ><div class=\"panel-widget-style panel-widget-style-for-7899-4-0-0\" ><div\n\t\t\t\n\t\t\tclass=\"so-widget-sow-editor so-widget-sow-editor-base\"\n\t\t\t\n\t\t>\n<div class=\"siteorigin-widget-tinymce textwidget\">\n\t<h4 style=\"text-align: left; color: #535362;\"><strong>O Desfile<\/strong><\/h4>\n<h4 style=\"text-align: left; color: #0059ab;\"><strong>-- alas | -- Alegorias | -- Casal de Mestre Sala e Porta Bandeira<br \/>\n<\/strong><\/h4>\n<\/div>\n<\/div><\/div><\/div><\/div><div id=\"pgc-7899-4-1\"  class=\"panel-grid-cell\" ><div id=\"panel-7899-4-1-0\" class=\"so-panel widget widget_sow-editor panel-first-child panel-last-child\" data-index=\"6\" ><div class=\"panel-widget-style panel-widget-style-for-7899-4-1-0\" ><div\n\t\t\t\n\t\t\tclass=\"so-widget-sow-editor so-widget-sow-editor-base\"\n\t\t\t\n\t\t>\n<div class=\"siteorigin-widget-tinymce textwidget\">\n\t<h4 style=\"color: #535362; text-align: center;\"><strong>Ordem do Desfile (Grupo ---)<\/strong><\/h4>\n<h4 style=\"color: #0059ab; text-align: center;\"><strong>--\u00ba escola a desfilar (---)<br \/>\n<\/strong><\/h4>\n<\/div>\n<\/div><\/div><\/div><\/div><div id=\"pgc-7899-4-2\"  class=\"panel-grid-cell\" ><div id=\"panel-7899-4-2-0\" class=\"so-panel widget widget_sow-editor panel-first-child panel-last-child\" data-index=\"7\" ><div\n\t\t\t\n\t\t\tclass=\"so-widget-sow-editor so-widget-sow-editor-base\"\n\t\t\t\n\t\t>\n<div class=\"siteorigin-widget-tinymce textwidget\">\n\t<h4 style=\"text-align: center; color: #535362;\"><strong>Classifica\u00e7\u00e3o<\/strong><\/h4>\n<h4 style=\"text-align: center; color: #a64545;\"><strong>--<br \/>\n<\/strong><\/h4>\n<\/div>\n<\/div><\/div><\/div><div id=\"pgc-7899-4-3\"  class=\"panel-grid-cell\" ><div id=\"panel-7899-4-3-0\" class=\"so-panel widget widget_sow-button panel-first-child panel-last-child\" data-index=\"8\" ><div\n\t\t\t\n\t\t\tclass=\"so-widget-sow-button so-widget-sow-button-flat-4fc118220f6c-7899\"\n\t\t\t\n\t\t><div class=\"ow-button-base ow-button-align-center\"\n>\n\t\t\t<a\n\t\t\t\tclass=\"sowb-button ow-icon-placement-left ow-button-hover\" target=\"_blank\" rel=\"noopener noreferrer\" \t>\n\t\t<span>\n\t\t\t<span class=\"sow-icon-icomoon\" data-sow-icon=\"&#xe914;\"\n\t\tstyle=\"\" \n\t\taria-hidden=\"true\"><\/span>\n\t\t\tVer Desfile\t\t<\/span>\n\t\t\t<\/a>\n\t<\/div>\n<\/div><\/div><\/div><\/div><\/div><div id=\"pg-7899-5\"  class=\"panel-grid panel-has-style\" ><div class=\"siteorigin-panels-stretch panel-row-style panel-row-style-for-7899-5\" data-stretch-type=\"full-stretched\" ><div id=\"pgc-7899-5-0\"  class=\"panel-grid-cell\" ><div id=\"panel-7899-5-0-0\" class=\"so-panel widget widget_sow-image panel-first-child panel-last-child\" data-index=\"9\" ><div class=\"panel-widget-style panel-widget-style-for-7899-5-0-0\" ><div\n\t\t\t\n\t\t\tclass=\"so-widget-sow-image so-widget-sow-image-default-a258e6bfa2d8-7899\"\n\t\t\t\n\t\t>\n<div class=\"sow-image-container\">\n\t\t<img \n\tsrc=\"https:\/\/www.liesv.com.br\/site\/wp-content\/uploads\/2018\/10\/linha.fw_-1.png\" width=\"1040\" height=\"20\" srcset=\"https:\/\/www.liesv.com.br\/site\/wp-content\/uploads\/2018\/10\/linha.fw_-1.png 1040w, https:\/\/www.liesv.com.br\/site\/wp-content\/uploads\/2018\/10\/linha.fw_-1-300x6.png 300w, https:\/\/www.liesv.com.br\/site\/wp-content\/uploads\/2018\/10\/linha.fw_-1-768x15.png 768w, https:\/\/www.liesv.com.br\/site\/wp-content\/uploads\/2018\/10\/linha.fw_-1-1024x20.png 1024w\" sizes=\"(max-width: 1040px) 100vw, 1040px\" title=\"linha.fw\" alt=\"\" \t\tclass=\"so-widget-image\"\/>\n\t<\/div>\n\n<\/div><\/div><\/div><\/div><\/div><\/div><div id=\"pg-7899-6\"  class=\"panel-grid panel-has-style\" ><div class=\"siteorigin-panels-stretch panel-row-style panel-row-style-for-7899-6\" data-stretch-type=\"full-stretched\" ><div id=\"pgc-7899-6-0\"  class=\"panel-grid-cell\" ><div id=\"panel-7899-6-0-0\" class=\"so-panel widget widget_sow-editor panel-first-child panel-last-child\" data-index=\"10\" ><div class=\"panel-widget-style panel-widget-style-for-7899-6-0-0\" ><div\n\t\t\t\n\t\t\tclass=\"so-widget-sow-editor so-widget-sow-editor-base\"\n\t\t\t\n\t\t>\n<div class=\"siteorigin-widget-tinymce textwidget\">\n\t<h2 style=\"text-align: center;\"><span style=\"color: #ffffff;\"><strong>Sinopse<\/strong><\/span><\/h2>\n<\/div>\n<\/div><\/div><\/div><\/div><\/div><\/div><div id=\"pg-7899-7\"  class=\"panel-grid panel-has-style\" ><div class=\"siteorigin-panels-stretch panel-row-style panel-row-style-for-7899-7\" data-stretch-type=\"full-stretched\" ><div id=\"pgc-7899-7-0\"  class=\"panel-grid-cell\" ><div id=\"panel-7899-7-0-0\" class=\"so-panel widget widget_sow-image panel-first-child panel-last-child\" data-index=\"11\" ><div class=\"panel-widget-style panel-widget-style-for-7899-7-0-0\" ><div\n\t\t\t\n\t\t\tclass=\"so-widget-sow-image so-widget-sow-image-default-113ccd71f3e6-7899\"\n\t\t\t\n\t\t>\n<div class=\"sow-image-container\">\n\t\t<img \n\tsrc=\"https:\/\/www.liesv.com.br\/site\/wp-content\/uploads\/2021\/01\/ilu-ay\u00ea-logo-carnaval-virtual-2021-edi\u00e7\u00e3o-especial-fevereiro.jpeg\" width=\"700\" height=\"990\" srcset=\"https:\/\/www.liesv.com.br\/site\/wp-content\/uploads\/2021\/01\/ilu-ay\u00ea-logo-carnaval-virtual-2021-edi\u00e7\u00e3o-especial-fevereiro.jpeg 700w, https:\/\/www.liesv.com.br\/site\/wp-content\/uploads\/2021\/01\/ilu-ay\u00ea-logo-carnaval-virtual-2021-edi\u00e7\u00e3o-especial-fevereiro-212x300.jpeg 212w\" sizes=\"(max-width: 700px) 100vw, 700px\" alt=\"\" \t\tclass=\"so-widget-image\"\/>\n\t<\/div>\n\n<\/div><\/div><\/div><\/div><div id=\"pgc-7899-7-1\"  class=\"panel-grid-cell\" ><div id=\"panel-7899-7-1-0\" class=\"so-panel widget widget_sow-editor panel-first-child panel-last-child\" data-index=\"12\" ><div class=\"panel-widget-style panel-widget-style-for-7899-7-1-0\" ><div\n\t\t\t\n\t\t\tclass=\"so-widget-sow-editor so-widget-sow-editor-base\"\n\t\t\t\n\t\t>\n<div class=\"siteorigin-widget-tinymce textwidget\">\n\t<div style=\"overflow: auto; height: 800px; padding: 20px;\">\n<p><span style=\"color: #003366;\"><strong>Autores:<\/strong> Felipe Bessem e Fernando Igbin<\/span><\/p>\n<p><span style=\"color: #003366;\"><strong>Carnavalesco:<\/strong>\u00a0Felipe Bessem<\/span><\/p>\n<h2 style=\"text-align: center;\"><span style=\"color: #003366;\"><strong>Oni Ogbin \u2014 H\u00e1 de se festejar a vida nas noites de Lua Nova<br \/>\n<\/strong><\/span><\/h2>\n<p><span style=\"color: #003366;\"><strong>Justificativa:<\/strong><\/span><\/p>\n<p><span style=\"color: #003366;\">---<\/span><\/p>\n<p><span style=\"color: #003366;\"><strong>Sinopse:<\/strong><\/span><\/p>\n<p style=\"color: #003366;\">O mundo n\u00e3o era esse<br \/>\nE os humanos passavam fome<br \/>\nOk\u00f4 era senhor que vagava pela Terra<br \/>\nDe todos os Orix\u00e1s, era o \u00fanico sem dom\u00ednio<\/p>\n<p style=\"color: #003366;\">Os homens guerreavam por alimento<br \/>\nOs frutos que nasciam nas \u00e1rvores n\u00e3o chegavam ao ch\u00e3o<br \/>\nSem ch\u00e3o, sem vida<br \/>\nBocas famintas avan\u00e7avam nas \u00e1rvores<br \/>\nCa\u00e7avam animais<br \/>\nA Terra ia sucumbir<\/p>\n<p style=\"color: #003366;\">Ent\u00e3o Ok\u00f4 despertou<br \/>\nAo observar que as \u00e1rvores abundavam seus galhos<br \/>\ncom frutos por algum motivo<\/p>\n<p style=\"color: #003366;\">Seus frutos s\u00e3o sementes!<br \/>\nA vida precisa continuar<\/p>\n<p style=\"color: #003366;\">Oxal\u00e1 ordena e quer que se cumpra:<br \/>\nOk\u00f4 ser\u00e1 Oni Ogbin, o Senhor da Agricultura.<\/p>\n<p style=\"color: #003366;\"><strong>Ok\u00f4 era ca\u00e7ador, donos de terras imensas<\/strong><br \/>\n<strong>Ca\u00e7ava com maestria Adi\u00e8 \u00c9tu<\/strong><br \/>\n<strong>Que s\u00f3 eram encontradas em fazendas de Ogun<\/strong><\/p>\n<p style=\"color: #003366;\"><strong>Ogun era jovem rico, herdeiro de grande fortuna<\/strong><br \/>\n<strong>N\u00e3o sabia o que fazer com seu poder<\/strong><br \/>\n<strong>De forjar o ferro com suas m\u00e3os<\/strong><br \/>\n<strong>Suas fazendas eram pastos gigantes<\/strong><br \/>\n<strong>Onde Ogun criava gado e alimentava seu povo<\/strong><\/p>\n<p style=\"color: #003366;\"><strong>Ok\u00f4 era amigo de Ogun, companheiro de ca\u00e7adas<\/strong><br \/>\n<strong>Juntos traziam alimento para n\u00e3o matar o povo de fome<\/strong><br \/>\n<strong>Quando Oxal\u00e1 entrega a miss\u00e3o de semear o planeta \u00e0 Ok\u00f4<\/strong><br \/>\n<strong>Este se v\u00ea numa encruzilhada nunca vista<\/strong><\/p>\n<p style=\"color: #003366;\"><strong>Como arar vastas terras s\u00f3 com as m\u00e3os?<\/strong><br \/>\n<strong>S\u00f3 com a sorte?<\/strong><\/p>\n<p style=\"color: #003366;\"><strong>Ogun forjava objetos sem serventia<\/strong><br \/>\n<strong>At\u00e9 o dia em que uma l\u00e2mina afiada corta a terra<\/strong><br \/>\n<strong>Ok\u00f4 desperta!<\/strong><\/p>\n<p style=\"color: #003366;\"><strong>A terra cortada acolheria<\/strong><br \/>\n<strong>A semente que viraria fruto um dia.<\/strong><\/p>\n<p style=\"color: #003366;\"><strong>Nascia ali a agricultura e com ela seus dois padroeiros<\/strong><br \/>\n<strong>Do ferro de Ogun, as ferramentas:<\/strong><br \/>\n<strong>Enxada, machado, foice, fac\u00e3o<\/strong><br \/>\n<strong>Da bolsa da vida de Ok\u00f4, as sementes<\/strong><br \/>\n<strong>O inhame, o orob\u00f4, a caba\u00e7a, o baru<\/strong><\/p>\n<p style=\"color: #003366;\">Alimento n\u00e3o h\u00e1 de faltar<br \/>\nNem suor derramado na lida<br \/>\nOk\u00f4 j\u00e1 mandou semear<br \/>\nO inhame transborda de vida<br \/>\nO arado levanta poeira<br \/>\nAbre rios de esperan\u00e7a na ro\u00e7a<br \/>\nQuem esperar, vai ver florescer<br \/>\nA colheita da Lua Nova<br \/>\nO saber do grande agricultor<br \/>\nLeva em conta as noites lunares<br \/>\nSe quiseres colheita odara<br \/>\nN\u00e3o semeie na Lua minguada<\/p>\n<p style=\"color: #003366;\"><strong>O poder que nasceu \u00e9 enorme<\/strong><br \/>\n<strong>Est\u00e1 sobre seus dom\u00ednios, os gr\u00e3os<\/strong><br \/>\n<strong>A terra que n\u00e3o frutificava<\/strong><br \/>\n<strong>Agora passou ofertar<\/strong><br \/>\n<strong>Milharais, coqueirais, dendezeiros<\/strong><br \/>\n<strong>Doce cana, inhame e mel<\/strong><br \/>\n<strong>Porque as abelhas pertencem a Ele<\/strong><br \/>\n<strong>Pois sem Ele n\u00e3o h\u00e1 flor<\/strong><\/p>\n<p style=\"color: #003366;\">A semente que encontra no ch\u00e3o<br \/>\nO ambiente para germinar<br \/>\nA raiz que faz a funda\u00e7\u00e3o<br \/>\nVai crescer, se multiplicar<br \/>\nQuando a reza \u00e9 entoada<br \/>\nPelo agricultores da aldeia<br \/>\nCores e aromas florescem<\/p>\n<p style=\"color: #003366;\">Boas novas trazem as abelhas<\/p>\n<p style=\"color: #003366;\"><strong>Mensageiras da fertilidade<\/strong><br \/>\n<strong>E sem elas n\u00e3o h\u00e1 o porvir<\/strong><br \/>\n<strong>De flor em flor a magia acontece<\/strong><br \/>\n<strong>Maferefun, Ok\u00f4!<\/strong><br \/>\n<strong>Que Ok\u00f4 transborde somente as coisas maravilhosas!<\/strong><\/p>\n<p style=\"color: #003366;\">Oyin que passeia entre as flores<br \/>\nEspalhando pelo ar o ax\u00e9<br \/>\nTem o Sol que matiza as cores<br \/>\nLavrador vai cantando com f\u00e9<br \/>\nS\u00f3 Ok\u00f4 sabe o tempo certo<br \/>\nA hora de plantar e colher<br \/>\nSe respeitar o Senhor e seu cetro<br \/>\nMuito ter\u00e1 por merecer<br \/>\nNunca duvide de Oni Ogbin<br \/>\nO maior sabedor deste terra<br \/>\nNa retomada do ciclo<br \/>\nPra agradar, Lhe ofere\u00e7a uma festa<\/p>\n<p style=\"color: #003366;\"><strong>Ok\u00f4 \u00e9 a transforma\u00e7\u00e3o<\/strong><br \/>\n<strong>Entre a terra e o homem, \u00e9 a pegada<\/strong><br \/>\n<strong>Respons\u00e1vel por toda a\u00e7\u00e3o<\/strong><br \/>\n<strong>Natureza moldada na enxada<\/strong><br \/>\n<strong>Se de dia \u00e9 um bom anci\u00e3o<\/strong><br \/>\n<strong>Sob a Lua engana a morte<\/strong><br \/>\n<strong>De Ew\u00e1 recebe as almas<\/strong><br \/>\n<strong>E destina a elas, a sorte<\/strong><\/p>\n<p style=\"color: #003366;\"><strong>Sua voca\u00e7\u00e3o \u00e9 a vida<\/strong><br \/>\n<strong>Pois do ventre da vida foi gerado<\/strong><br \/>\n<strong>Iemanj\u00e1, doce mar, doce m\u00e3e<\/strong><br \/>\n<strong>Oxal\u00e1 no cajado apoiado<\/strong><\/p>\n<p style=\"color: #003366;\">Omulu \u00e9 da peste senhor<br \/>\n\u00c9 a cura para todo mal<br \/>\nMas a febre do agricultor<br \/>\n\u00c9 Ok\u00f4 que coloca a m\u00e3o<br \/>\nA mal\u00e1ria passou por aqui<br \/>\nAtingiu todo lavrador<br \/>\nE Ok\u00f4 intercede por eles<br \/>\nE a for\u00e7a de Ok\u00f4 os curou<\/p>\n<p style=\"color: #003366;\"><strong>Se Iku foi por ele enganado<\/strong><br \/>\n<strong>\u00c9 a prova de grande valor<\/strong><br \/>\n<strong>Ew\u00e1 \u00e9 dos seus olhos, menina<\/strong><br \/>\n<strong>Mas por ele nunca se apaixonou<\/strong><br \/>\n<strong>Mas vingan\u00e7a ele n\u00e3o promete<\/strong><br \/>\n<strong>Porque ele s\u00f3 sabe dar<\/strong><br \/>\n<strong>O melhor que esta terra fornece<\/strong><br \/>\n<strong>Ensinamento de m\u00e3e Iemanj\u00e1<\/strong><br \/>\n<strong>Omulu \u00e9 irm\u00e3o, \u00e9 da palha<\/strong><br \/>\n<strong>E aisan ele ajuda a curar<\/strong><br \/>\n<strong>Mo\u2019juba, Ok\u00f4! N\u00f3s te saudamos<\/strong><br \/>\n<strong>Grandioso filho de Oxal\u00e1<\/strong><\/p>\n<p style=\"color: #003366;\"><strong>Em todo lugar que ele pisa<\/strong><br \/>\n<strong>Floresce a vida no Ayi\u00ea<\/strong><br \/>\n<strong>E para todos, a grande li\u00e7\u00e3o:<\/strong><br \/>\n<strong>Partilhar o que a terra nos deu<\/strong><br \/>\n<strong>O saber de Ok\u00f4 faz a semente brotar<\/strong><br \/>\n<strong>Mas a f\u00e9 que a gente sente<\/strong><br \/>\n<strong>\u00c9 como a \u00e1gua a regar<\/strong><\/p>\n<p style=\"color: #003366;\"><strong>E para agradecer o grande Senhor das colheitas<\/strong><br \/>\n<strong>Vamos oferecer em noite de lua nova<\/strong><br \/>\n<strong>Galo branco, cabrito e pombo<\/strong><br \/>\n<strong>E uma brava galinha d\u2019angola<\/strong><br \/>\n<strong>O dend\u00ea n\u00e3o suja seu branco<\/strong><br \/>\n<strong>\u00c9 ew\u00f3, nem adianta perd\u00e3o<\/strong><br \/>\n<strong>Tempere todo o banquete com mel<\/strong><br \/>\n<strong>Leve muitos inhames ao pil\u00e3o<\/strong><\/p>\n<p style=\"color: #003366;\"><strong>A festa da colheita \u00e9 chegada<\/strong><br \/>\n<strong>No batuque, o suor do ogan<\/strong><br \/>\n<strong>O is\u00fa \u00e9 comida sagrada<\/strong><br \/>\n<strong>Come quem anda com Oxaguian<\/strong><\/p>\n<p style=\"color: #003366;\"><strong>O momento do fim \u00e9 sabido<\/strong><br \/>\n<strong>Quando o opaxor\u00f4 toca o ch\u00e3o<\/strong><br \/>\n<strong>E o som da flauta ponteia<\/strong><br \/>\n<strong>O novo ciclo a chegar<\/strong><\/p>\n<p style=\"color: #003366;\"><strong>Se Ok\u00f4 falou, n\u00e3o se esque\u00e7a!<\/strong><br \/>\n<strong>O segredo \u00e9 compartilhar<\/strong><br \/>\n<strong>O saber, o trabalho, a colheita<\/strong><br \/>\n<strong>Alimento n\u00e3o h\u00e1 de faltar<\/strong><\/p>\n<p style=\"color: #003366;\"><strong>Preces antes e no fim<\/strong><br \/>\n<strong>Na Lua Nova a vida,<\/strong><br \/>\n<strong>Nasce, renasce e assim\u2026<\/strong><br \/>\n<strong>Segue os passos de Oni Ogbin!<\/strong><\/p>\n<p style=\"color: #003366;\"><strong>Gloss\u00e1rio:<\/strong><\/p>\n<p style=\"color: #003366;\"><strong>Adi\u00e8 \u00c8t\u00fa :<\/strong> Galinha d\u2019angola<br \/>\n<strong>Maferefun, Ok\u00f4! :<\/strong> Seja louvado, Ok\u00f4!<br \/>\n<strong>Oyin :<\/strong> Abelha<br \/>\n<strong>Aisan :<\/strong> Mal\u00e1ria<br \/>\n<strong>Ew\u00f3 :<\/strong> algo absurdo<br \/>\n<strong>Is\u00fa :<\/strong> inhame<br \/>\n<strong>Oni Ogbin :<\/strong> Senhor da Agricultura<\/p>\n<\/div>\n<\/div>\n<\/div><\/div><\/div><\/div><\/div><\/div><div id=\"pg-7899-8\"  class=\"panel-grid panel-has-style\" ><div class=\"siteorigin-panels-stretch panel-row-style panel-row-style-for-7899-8\" data-stretch-type=\"full-stretched\" ><div id=\"pgc-7899-8-0\"  class=\"panel-grid-cell\" ><div id=\"panel-7899-8-0-0\" class=\"so-panel widget widget_sow-editor panel-first-child panel-last-child\" data-index=\"13\" ><div class=\"panel-widget-style panel-widget-style-for-7899-8-0-0\" ><div\n\t\t\t\n\t\t\tclass=\"so-widget-sow-editor so-widget-sow-editor-base\"\n\t\t\t\n\t\t>\n<div class=\"siteorigin-widget-tinymce textwidget\">\n\t<h2 style=\"text-align: center;\"><span style=\"color: #ffffff;\"><strong>Samba Enredo<\/strong><\/span><\/h2>\n<\/div>\n<\/div><\/div><\/div><\/div><\/div><\/div><div id=\"pg-7899-9\"  class=\"panel-grid panel-has-style\" ><div class=\"siteorigin-panels-stretch panel-row-style panel-row-style-for-7899-9\" data-stretch-type=\"full-stretched\" ><div id=\"pgc-7899-9-0\"  class=\"panel-grid-cell panel-grid-cell-empty\" ><\/div><div id=\"pgc-7899-9-1\"  class=\"panel-grid-cell panel-grid-cell-mobile-last\" ><div id=\"panel-7899-9-1-0\" class=\"so-panel widget widget_sow-editor panel-first-child\" data-index=\"14\" ><div class=\"panel-widget-style panel-widget-style-for-7899-9-1-0\" ><div\n\t\t\t\n\t\t\tclass=\"so-widget-sow-editor so-widget-sow-editor-base\"\n\t\t\t\n\t\t>\n<div class=\"siteorigin-widget-tinymce textwidget\">\n\t<div style=\"overflow: auto; padding: 10px;\">\n<h3 style=\"text-align: center;\"><span style=\"color: #003366;\"><strong>Compositores<\/strong><\/span><\/h3>\n<h3 style=\"text-align: center;\">---<\/h3>\n<h3 style=\"text-align: center;\"><span style=\"color: #003366;\"><strong>Int\u00e9rprete<\/strong><\/span><\/h3>\n<h3 style=\"text-align: center;\">---<\/h3>\n<hr \/>\n<\/div>\n<\/div>\n<\/div><\/div><\/div><div id=\"panel-7899-9-1-1\" class=\"widget_text so-panel widget widget_custom_html\" data-index=\"15\" ><div class=\"widget_text panel-widget-style panel-widget-style-for-7899-9-1-1\" ><div class=\"textwidget custom-html-widget\"><\/div><\/div><\/div><div id=\"panel-7899-9-1-2\" class=\"so-panel widget widget_sow-editor panel-last-child\" data-index=\"16\" ><div class=\"panel-widget-style panel-widget-style-for-7899-9-1-2\" ><div\n\t\t\t\n\t\t\tclass=\"so-widget-sow-editor so-widget-sow-editor-base\"\n\t\t\t\n\t\t>\n<div class=\"siteorigin-widget-tinymce textwidget\">\n\t<div>\n<h4 style=\"text-align: center;\"><span style=\"color: #003366;\"><strong>LETRA DO SAMBA ENREDO<\/strong><\/span><\/h4>\n<p style=\"text-align: center; color: #003366;\"><strong>---<\/strong><\/p>\n<p style=\"text-align: center; color: #003366;\">---<\/p>\n<p style=\"text-align: center; color: #003366;\"><strong>---<\/strong><\/p>\n<\/div>\n<\/div>\n<\/div><\/div><\/div><\/div><div id=\"pgc-7899-9-2\"  class=\"panel-grid-cell panel-grid-cell-empty\" ><\/div><\/div><\/div><\/div>","protected":false},"excerpt":{"rendered":"<p>Ilu Ay\u00ea Ficha T\u00e9cnica: Presidente: Fernando Igbin Carnavalesco: Felipe Bessem Int\u00e9rprete: James Bernardes Autores do Enredo: Felipe Bessem e Fernando Igbin &#8220;Oni Ogbin \u2014 H\u00e1&hellip;<\/p>\n","protected":false},"author":4,"featured_media":0,"parent":7106,"menu_order":0,"comment_status":"closed","ping_status":"closed","template":"","meta":{"footnotes":""},"_links":{"self":[{"href":"https:\/\/www.liesv.com.br\/site\/wp-json\/wp\/v2\/pages\/7899"}],"collection":[{"href":"https:\/\/www.liesv.com.br\/site\/wp-json\/wp\/v2\/pages"}],"about":[{"href":"https:\/\/www.liesv.com.br\/site\/wp-json\/wp\/v2\/types\/page"}],"author":[{"embeddable":true,"href":"https:\/\/www.liesv.com.br\/site\/wp-json\/wp\/v2\/users\/4"}],"replies":[{"embeddable":true,"href":"https:\/\/www.liesv.com.br\/site\/wp-json\/wp\/v2\/comments?post=7899"}],"version-history":[{"count":12,"href":"https:\/\/www.liesv.com.br\/site\/wp-json\/wp\/v2\/pages\/7899\/revisions"}],"predecessor-version":[{"id":8185,"href":"https:\/\/www.liesv.com.br\/site\/wp-json\/wp\/v2\/pages\/7899\/revisions\/8185"}],"up":[{"embeddable":true,"href":"https:\/\/www.liesv.com.br\/site\/wp-json\/wp\/v2\/pages\/7106"}],"wp:attachment":[{"href":"https:\/\/www.liesv.com.br\/site\/wp-json\/wp\/v2\/media?parent=7899"}],"curies":[{"name":"wp","href":"https:\/\/api.w.org\/{rel}","templated":true}]}}