{"id":94,"date":"2003-11-12T21:18:46","date_gmt":"2003-11-13T00:18:46","guid":{"rendered":"http:\/\/liesv.com.br\/site\/?page_id=94"},"modified":"2021-04-18T17:28:25","modified_gmt":"2021-04-18T20:28:25","slug":"historia","status":"publish","type":"page","link":"https:\/\/www.liesv.com.br\/site\/carnaval-virtual\/institucional\/historia\/","title":{"rendered":"Hist\u00f3ria | Carnaval Virtual | LIESV"},"content":{"rendered":"<div id=\"pl-94\"  class=\"panel-layout\" ><div id=\"pg-94-0\"  class=\"panel-grid panel-has-style\" ><div class=\"siteorigin-panels-stretch panel-row-style panel-row-style-for-94-0\" data-stretch-type=\"full-stretched\" ><div id=\"pgc-94-0-0\"  class=\"panel-grid-cell panel-grid-cell-mobile-last\" ><div id=\"panel-94-0-0-0\" class=\"so-panel widget widget_sow-editor panel-first-child panel-last-child\" data-index=\"0\" ><div class=\"panel-widget-style panel-widget-style-for-94-0-0-0\" ><div\n\t\t\t\n\t\t\tclass=\"so-widget-sow-editor so-widget-sow-editor-base\"\n\t\t\t\n\t\t>\n<div class=\"siteorigin-widget-tinymce textwidget\">\n\t<div style=\"padding: 30px;\">\n<h2><strong>Como surgiu o Carnaval Virtual <\/strong><\/h2>\n<p style=\"font-size: 14px; font-family: Arial, Verdana, Tahoma, Sans-Serif;\">Foi no ano de 2003 que um grupo de apaixonados movidos pelo amor ao carnaval inovaram ao pensar al\u00e9m e criar o Carnaval Virtual, uma manifesta\u00e7\u00e3o cibercultural com o prop\u00f3sito de criar e reproduzir desfiles de escolas de samba atrav\u00e9s do uso de tecnologias.<\/p>\n<h3><strong>A LIESV<br \/>\n<\/strong><\/h3>\n<p style=\"font-size: 14px; font-family: Arial, Verdana, Tahoma, Sans-Serif;\">Para organizar tudo isso, foi fundada a <strong>LIESV <\/strong>(Liga Independente das Escolas de Samba Virtuais) que teve como seu primeiro presidente Miguel Paul. Os membros desta liga se organizaram para desenvolver enredos, sambas, desenhos de alegorias e fantasias entre as escolas que ali nasciam para a realiza\u00e7\u00e3o do primeiro desfile.<\/p>\n<p style=\"font-size: 14px; font-family: Arial, Verdana, Tahoma, Sans-Serif;\">Foi atrav\u00e9s da <strong>LIESV<\/strong> que o carnaval virtual se tornou a principal maneira dos amantes de carnaval viverem, mesmo que virtualmente, o clima de folia durante o ano inteiro. E \u00e9 atrav\u00e9s da <strong>LIESV<\/strong> que essa chama mant\u00e9m-se acesa ano ap\u00f3s ano.<\/p>\n<h1><strong><img loading=\"lazy\" decoding=\"async\" class=\"aligncenter wp-image-6087 \" src=\"http:\/\/www.liesv.com.br\/site\/wp-content\/uploads\/2020\/10\/Celular-Desfile-invert.jpg\" alt=\"\" width=\"345\" height=\"266\" srcset=\"https:\/\/www.liesv.com.br\/site\/wp-content\/uploads\/2020\/10\/Celular-Desfile-invert.jpg 1465w, https:\/\/www.liesv.com.br\/site\/wp-content\/uploads\/2020\/10\/Celular-Desfile-invert-300x231.jpg 300w, https:\/\/www.liesv.com.br\/site\/wp-content\/uploads\/2020\/10\/Celular-Desfile-invert-1024x788.jpg 1024w, https:\/\/www.liesv.com.br\/site\/wp-content\/uploads\/2020\/10\/Celular-Desfile-invert-768x591.jpg 768w\" sizes=\"(max-width: 345px) 100vw, 345px\" \/><\/strong><\/h1>\n<\/div>\n<\/div>\n<\/div><\/div><\/div><\/div><div id=\"pgc-94-0-1\"  class=\"panel-grid-cell panel-grid-cell-empty\" ><\/div><\/div><\/div><\/div>","protected":false},"excerpt":{"rendered":"<p>Como surgiu o Carnaval Virtual Foi no ano de 2003 que um grupo de apaixonados movidos pelo amor ao carnaval inovaram ao pensar al\u00e9m e&hellip;<\/p>\n","protected":false},"author":1,"featured_media":0,"parent":8933,"menu_order":0,"comment_status":"closed","ping_status":"closed","template":"","meta":{"footnotes":""},"_links":{"self":[{"href":"https:\/\/www.liesv.com.br\/site\/wp-json\/wp\/v2\/pages\/94"}],"collection":[{"href":"https:\/\/www.liesv.com.br\/site\/wp-json\/wp\/v2\/pages"}],"about":[{"href":"https:\/\/www.liesv.com.br\/site\/wp-json\/wp\/v2\/types\/page"}],"author":[{"embeddable":true,"href":"https:\/\/www.liesv.com.br\/site\/wp-json\/wp\/v2\/users\/1"}],"replies":[{"embeddable":true,"href":"https:\/\/www.liesv.com.br\/site\/wp-json\/wp\/v2\/comments?post=94"}],"version-history":[{"count":29,"href":"https:\/\/www.liesv.com.br\/site\/wp-json\/wp\/v2\/pages\/94\/revisions"}],"predecessor-version":[{"id":8947,"href":"https:\/\/www.liesv.com.br\/site\/wp-json\/wp\/v2\/pages\/94\/revisions\/8947"}],"up":[{"embeddable":true,"href":"https:\/\/www.liesv.com.br\/site\/wp-json\/wp\/v2\/pages\/8933"}],"wp:attachment":[{"href":"https:\/\/www.liesv.com.br\/site\/wp-json\/wp\/v2\/media?parent=94"}],"curies":[{"name":"wp","href":"https:\/\/api.w.org\/{rel}","templated":true}]}}