{"id":96,"date":"2003-11-12T21:19:49","date_gmt":"2003-11-13T00:19:49","guid":{"rendered":"http:\/\/liesv.com.br\/site\/?page_id=96"},"modified":"2021-04-18T17:28:04","modified_gmt":"2021-04-18T20:28:04","slug":"a-liesv","status":"publish","type":"page","link":"https:\/\/www.liesv.com.br\/site\/carnaval-virtual\/institucional\/a-liesv\/","title":{"rendered":"A LIESV | Carnaval Virtual"},"content":{"rendered":"<p><a href=\"http:\/\/liesv.com.br\/site\/wp-content\/uploads\/2016\/10\/logo-liesv-novo.png\"><img loading=\"lazy\" decoding=\"async\" class=\"aligncenter wp-image-744 size-medium\" src=\"http:\/\/liesv.com.br\/site\/wp-content\/uploads\/2016\/10\/logo-liesv-novo-300x175.png\" width=\"300\" height=\"175\" srcset=\"https:\/\/www.liesv.com.br\/site\/wp-content\/uploads\/2016\/10\/logo-liesv-novo-300x175.png 300w, https:\/\/www.liesv.com.br\/site\/wp-content\/uploads\/2016\/10\/logo-liesv-novo-768x448.png 768w, https:\/\/www.liesv.com.br\/site\/wp-content\/uploads\/2016\/10\/logo-liesv-novo.png 960w\" sizes=\"(max-width: 300px) 100vw, 300px\" \/><\/a><\/p>\n<p>&nbsp;<\/p>\n<p>A LIESV \u00e9 a Liga Independente das Escolas de Samba Virtuais. Ela foi criada por um grupo de aficcionados em samba e carnaval, em 2002, e realiza seus desfiles desde 2003, vindo para seu 14\u00ba ano. Como, devidamente, foi chamada, \u00e9 \u201co maior espet\u00e1culo da tela\u201d.<\/p>\n<p>Entretanto, para entender realmente a LIESV, \u00e9 preciso n\u00e3o s\u00f3 entender como a LIESV funciona, mas o que significa participar desta verdadeira comunidade de sambistas de todas as id\u00e9ias. Primeiramente, vamos aos aspectos pr\u00e1ticos.<\/p>\n<p>&nbsp;<\/p>\n<p><strong>Como funciona a LIESV<\/strong><\/p>\n<p>A Liga \u00e9 formada por Escolas de Samba Virtuais. As Escolas de Samba da LIESV s\u00e3o divididas em 02 (dois) grupos: Especial e o de Acesso. As escolas s\u00e3o baseadas em 03 (tr\u00eas) figuras principais: o presidente, que \u00e9 quem toma as decis\u00f5es sobre o carnaval da escola; o int\u00e9rprete e o carnavalesco. Pode ter outras figuras, como diretor de carnaval, assessor de imprensa, e etc, mas n\u00e3o s\u00e3o indispens\u00e1veis. Os compositores n\u00e3o s\u00e3o ligados a nenhuma escola &#8211; eles podem compor sambas para todas as escolas, se quiserem.<\/p>\n<p>Uma pessoa s\u00f3 pode presidir uma escola. O carnavalesco e o int\u00e9rprete podem trabalhar em duas escolas, desde que elas perten\u00e7am a grupos diferentes. Para voc\u00ea ser presidente de uma escola, ter\u00e1 de montar sua escola e passar por um desfile de avalia\u00e7\u00e3o. Maiores informa\u00e7\u00f5es, clique aqui. Se voc\u00ea quiser ser carnavalesco ou int\u00e9rprete, basta ser convidado por um presidente de escola virtual.<\/p>\n<p>Durante o ano, a Escola prepara seu carnaval, levando em considera\u00e7\u00e3o o regulamento do ano. \u00c9 muito importante conhecer, al\u00e9m do Regulamento (onde est\u00e3o as informa\u00e7\u00f5es pa-ra voc\u00ea montar seu desfile), o Estatuto da LIESV, que mostra como a LIESV funciona e como cada componente deve agir no seu dia-a-dia com as outras pessoas.<\/p>\n<p>O trabalho da escola inicia-se com a defini\u00e7\u00e3o do enredo. A escola dever\u00e1 elaborar uma sinopse que tenha os pontos abordados no enredo para orientar os compositores. Nenhum integrante da escola, com exce\u00e7\u00e3o do int\u00e9rprete, pode fazer samba para a agremia\u00e7\u00e3o. \u00c9 obrigat\u00f3rio ter o concurso para a escolha do samba.<\/p>\n<p>O carnavalesco elaborar\u00e1 a parte visual do desfile: fantasias e alegorias. Pode fazer atrav\u00e9s de desenho, na m\u00e3o, com l\u00e1pis de cor, canetinha ou qualquer outro tipo de material. Tamb\u00e9m pode fazer, se quiser, maquetes.<\/p>\n<p>Qualquer pessoa pode ser compositora de sambas-enredo. Basta entregar \u00e0 escola a letra do samba e o \u00e1udio. O \u00e1udio n\u00e3o precisa de instrumentos musicais \u2013 basta voc\u00ea soltar a voz no microfone e gravar um arquivo de som para entregar \u00e0 escola.<\/p>\n<p>A escola selecionar\u00e1 seu samba enredo, que ser\u00e1 gravado pelo int\u00e9rprete. Ter\u00e1 de fazer 02 (dois) \u00e1udios \u2013 um, para o CD; outro, para o desfile. A grava\u00e7\u00e3o poder\u00e1 ser feita em est\u00fadio profissional ou pelo pr\u00f3prio computador. Tamb\u00e9m n\u00e3o \u00e9 necess\u00e1ria a presen\u00e7a de instrumentos musicais.<\/p>\n<p>A LIESV entrega \u00e0s escolas o organograma, que ser\u00e1 preenchido com todas as informa\u00e7\u00f5es que os jurados precisam para o julgamento. Toda a organiza\u00e7\u00e3o do desfile \u00e9 com a LIESV \u2013 \u00e9 a LIESV que monta as p\u00e1ginas dos desfiles e os exibe, que escolhe os jurados, que monta o CD de Sambas Enredo.<\/p>\n<p>No final, \u00e9 realizado o desfile e o trabalho \u00e9 exibido para in\u00fameras pessoas, inclusive profissionais do carnaval real. Ocorre a apura\u00e7\u00e3o e a melhor escola \u00e9 declarada campe\u00e3.<\/p>\n<p>&nbsp;<\/p>\n<p><strong>O que \u00e9 a LIESV, realmente?<\/strong><\/p>\n<p>Al\u00e9m dessa quest\u00e3o dos desfiles, a LIESV \u00e9 uma comunidade, onde voc\u00ea faz amizade com pessoas que tem os mesmos interesses que voc\u00ea. Da LIESV, sa\u00edram parceria que disputaram em escolas reais, pessoas que se tornaram amigas de freq\u00fcentar a casa, etc.<\/p>\n<p>Na LIESV, as pessoas se comunicam atrav\u00e9s do nosso grupo no Facebook. Tamb\u00e9m temos chats no aplicativo Whatsapp onde rola muito samba, bate papo, conversas s\u00e9rias e conversas fiadas. O carnaval, seja real, seja o virtual, \u00e9 discutido o ano todo.<\/p>\n<p>Voc\u00ea s\u00f3 vai entender a LIESV realmente quando come\u00e7ar a participar dessa grande fam\u00edlia, uma verdadeira escola de vida, de camaradagem e de competi\u00e7\u00e3o sadia, onde a arte carnavalesca \u00e9 valorizada em todos os seus aspectos \u2013 principalmente, a alegria.<\/p>\n<p>&nbsp;<\/p>\n<p><strong>N\u00e3o perca tempo!<\/strong><br \/>\n<strong> Venha sambar com a gente!<\/strong><\/p>\n","protected":false},"excerpt":{"rendered":"<p>&nbsp; A LIESV \u00e9 a Liga Independente das Escolas de Samba Virtuais. Ela foi criada por um grupo de aficcionados em samba e carnaval, em&hellip;<\/p>\n","protected":false},"author":1,"featured_media":0,"parent":8933,"menu_order":0,"comment_status":"closed","ping_status":"closed","template":"","meta":{"footnotes":""},"_links":{"self":[{"href":"https:\/\/www.liesv.com.br\/site\/wp-json\/wp\/v2\/pages\/96"}],"collection":[{"href":"https:\/\/www.liesv.com.br\/site\/wp-json\/wp\/v2\/pages"}],"about":[{"href":"https:\/\/www.liesv.com.br\/site\/wp-json\/wp\/v2\/types\/page"}],"author":[{"embeddable":true,"href":"https:\/\/www.liesv.com.br\/site\/wp-json\/wp\/v2\/users\/1"}],"replies":[{"embeddable":true,"href":"https:\/\/www.liesv.com.br\/site\/wp-json\/wp\/v2\/comments?post=96"}],"version-history":[{"count":9,"href":"https:\/\/www.liesv.com.br\/site\/wp-json\/wp\/v2\/pages\/96\/revisions"}],"predecessor-version":[{"id":8944,"href":"https:\/\/www.liesv.com.br\/site\/wp-json\/wp\/v2\/pages\/96\/revisions\/8944"}],"up":[{"embeddable":true,"href":"https:\/\/www.liesv.com.br\/site\/wp-json\/wp\/v2\/pages\/8933"}],"wp:attachment":[{"href":"https:\/\/www.liesv.com.br\/site\/wp-json\/wp\/v2\/media?parent=96"}],"curies":[{"name":"wp","href":"https:\/\/api.w.org\/{rel}","templated":true}]}}